CRAN Package Check Results for Package archivist

Last updated on 2021-10-27 08:55:57 CEST.

Flavor Version Tinstall Tcheck Ttotal Status Flags
r-devel-linux-x86_64-debian-clang 2.3.6 9.39 77.20 86.59 OK
r-devel-linux-x86_64-debian-gcc 2.3.6 8.07 59.25 67.32 OK
r-devel-linux-x86_64-fedora-clang 2.3.6 114.98 NOTE
r-devel-linux-x86_64-fedora-gcc 2.3.6 103.14 OK
r-devel-windows-x86_64 2.3.6 17.00 117.00 134.00 OK
r-devel-windows-x86_64-gcc10-UCRT 2.3.6 OK
r-patched-linux-x86_64 2.3.6 13.72 76.47 90.19 OK
r-patched-solaris-x86 2.3.6 154.90 OK
r-release-linux-x86_64 2.3.6 10.11 75.80 85.91 OK
r-release-macos-arm64 2.3.6 OK
r-release-macos-x86_64 2.3.6 OK
r-release-windows-ix86+x86_64 2.3.6 13.00 123.00 136.00 OK
r-oldrel-macos-x86_64 2.3.6 OK
r-oldrel-windows-ix86+x86_64 2.3.6 20.00 122.00 142.00 OK

Check Details

Version: 2.3.6
Check: Rd cross-references
Result: NOTE
    Undeclared package ‘rmarkdown’ in Rd xrefs
Flavor: r-devel-linux-x86_64-fedora-clang