CRAN Package Check Results for Package archivist

Last updated on 2024-02-26 07:49:54 CET.

Flavor Version Tinstall Tcheck Ttotal Status Flags
r-devel-linux-x86_64-debian-clang 2.3.6 11.74 98.38 110.12 OK
r-devel-linux-x86_64-debian-gcc 2.3.6 8.83 74.25 83.08 OK
r-devel-linux-x86_64-fedora-clang 2.3.6 131.80 NOTE
r-devel-linux-x86_64-fedora-gcc 2.3.6 140.05 OK
r-devel-windows-x86_64 2.3.6 10.00 104.00 114.00 OK
r-patched-linux-x86_64 2.3.6 14.79 96.79 111.58 OK
r-release-linux-x86_64 2.3.6 11.54 96.21 107.75 OK
r-release-macos-arm64 2.3.6 48.00 OK
r-release-macos-x86_64 2.3.6 75.00 OK
r-release-windows-x86_64 2.3.6 12.00 128.00 140.00 OK
r-oldrel-macos-arm64 2.3.6 38.00 OK
r-oldrel-windows-x86_64 2.3.6 13.00 126.00 139.00 OK

Check Details

Version: 2.3.6
Check: Rd cross-references
Result: NOTE Undeclared package ‘rmarkdown’ in Rd xrefs Flavor: r-devel-linux-x86_64-fedora-clang