CRAN Package Check Results for Package ar.matrix

Last updated on 2024-02-21 19:53:07 CET.

Flavor Version Tinstall Tcheck Ttotal Status Flags
r-devel-linux-x86_64-debian-clang 0.1.0 OK
r-devel-linux-x86_64-debian-gcc 0.1.0 2.03 25.48 27.51 OK
r-devel-linux-x86_64-fedora-clang 0.1.0 43.63 NOTE
r-devel-linux-x86_64-fedora-gcc 0.1.0 41.15 NOTE
r-devel-windows-x86_64 0.1.0 4.00 48.00 52.00 OK
r-patched-linux-x86_64 0.1.0 2.09 32.15 34.24 OK
r-release-linux-x86_64 0.1.0 1.95 32.10 34.05 OK
r-release-macos-arm64 0.1.0 22.00 OK
r-release-macos-x86_64 0.1.0 30.00 OK
r-release-windows-x86_64 0.1.0 4.00 49.00 53.00 OK
r-oldrel-macos-arm64 0.1.0 20.00 NOTE
r-oldrel-windows-x86_64 0.1.0 4.00 53.00 57.00 OK

Check Details

Version: 0.1.0
Check: dependencies in R code
Result: NOTE Namespace in Imports field not imported from: ‘sp’ All declared Imports should be used. Flavors: r-devel-linux-x86_64-fedora-clang, r-devel-linux-x86_64-fedora-gcc, r-oldrel-macos-arm64