CRAN Package Check Results for Package aqp

Last updated on 2024-02-28 07:53:36 CET.

Flavor Version Tinstall Tcheck Ttotal Status Flags
r-devel-linux-x86_64-debian-clang 2.0.2 27.77 447.64 475.41 OK
r-devel-linux-x86_64-debian-gcc 2.0.2 20.96 363.47 384.43 OK
r-devel-linux-x86_64-fedora-clang 2.0.2 647.03 NOTE
r-devel-linux-x86_64-fedora-gcc 2.0.2 581.79 OK
r-devel-windows-x86_64 2.0.2 25.00 373.00 398.00 NOTE
r-patched-linux-x86_64 2.0.2 37.02 460.48 497.50 OK
r-release-linux-x86_64 2.0.2 30.01 465.06 495.07 OK
r-release-macos-arm64 2.0.2 161.00 NOTE
r-release-macos-x86_64 2.0.2 283.00 NOTE
r-release-windows-x86_64 2.0.2 35.00 478.00 513.00 NOTE
r-oldrel-macos-arm64 2.0.2 171.00 NOTE
r-oldrel-windows-x86_64 2.0.2 35.00 430.00 465.00 NOTE

Check Details

Version: 2.0.2
Check: installed package size
Result: NOTE installed size is 5.4Mb sub-directories of 1Mb or more: R 1.2Mb data 1.6Mb doc 1.7Mb Flavors: r-devel-linux-x86_64-fedora-clang, r-devel-windows-x86_64, r-release-macos-arm64, r-release-macos-x86_64, r-release-windows-x86_64, r-oldrel-macos-arm64, r-oldrel-windows-x86_64