CRAN Package Check Results for Package apsrtable

Last updated on 2021-09-20 08:50:02 CEST.

Flavor Version Tinstall Tcheck Ttotal Status Flags
r-devel-linux-x86_64-debian-clang 0.8-8 3.08 29.68 32.76 NOTE
r-devel-linux-x86_64-debian-gcc 0.8-8 2.90 23.35 26.25 NOTE
r-devel-linux-x86_64-fedora-clang 0.8-8 50.22 NOTE
r-devel-linux-x86_64-fedora-gcc 0.8-8 39.06 NOTE
r-devel-windows-x86_64 0.8-8 4.00 33.00 37.00 NOTE
r-devel-windows-x86_64-gcc10-UCRT 0.8-8 ERROR
r-patched-linux-x86_64 0.8-8 3.25 29.11 32.36 NOTE
r-patched-solaris-x86 0.8-8 57.40 NOTE
r-release-linux-x86_64 0.8-8 3.29 28.94 32.23 NOTE
r-release-macos-arm64 0.8-8 NOTE
r-release-macos-x86_64 0.8-8 NOTE
r-release-windows-ix86+x86_64 0.8-8 7.00 46.00 53.00 NOTE
r-oldrel-macos-x86_64 0.8-8 NOTE
r-oldrel-windows-ix86+x86_64 0.8-8 5.00 42.00 47.00 NOTE

Check Details

Version: 0.8-8
Check: top-level files
Result: NOTE
    Non-standard file/directory found at top level:
     'apsrtable-Ex.R'
Flavors: r-devel-linux-x86_64-debian-clang, r-devel-linux-x86_64-debian-gcc, r-devel-linux-x86_64-fedora-clang, r-devel-linux-x86_64-fedora-gcc, r-patched-linux-x86_64, r-release-linux-x86_64

Version: 0.8-8
Check: dependencies in R code
Result: NOTE
    Package in Depends field not imported from: 'methods'
     These packages need to be imported from (in the NAMESPACE file)
     for when this namespace is loaded but not attached.
Flavors: r-devel-linux-x86_64-debian-clang, r-devel-linux-x86_64-debian-gcc, r-devel-linux-x86_64-fedora-clang, r-devel-linux-x86_64-fedora-gcc, r-devel-windows-x86_64, r-devel-windows-x86_64-gcc10-UCRT, r-patched-linux-x86_64, r-patched-solaris-x86, r-release-linux-x86_64, r-release-macos-arm64, r-release-macos-x86_64, r-release-windows-ix86+x86_64, r-oldrel-macos-x86_64, r-oldrel-windows-ix86+x86_64

Version: 0.8-8
Check: R code for possible problems
Result: NOTE
    apsrStars: no visible global function definition for 'symnum'
    apsrtable : <anonymous>: no visible global function definition for
     'coef'
    apsrtable : <anonymous>: no visible global function definition for 'pt'
    apsrtable : <anonymous>: no visible global function definition for
     'pnorm'
    apsrtableSummary.clogit: no visible global function definition for
     'coef'
    apsrtableSummary.coxph: no visible global function definition for
     'coef'
    apsrtableSummary.gee: no visible global function definition for 'coef'
    apsrtableSummary.gee: no visible global function definition for 'pnorm'
    apsrtableSummary.lrm: no visible global function definition for
     'pchisq'
    apsrtableSummary.lrm: no visible binding for global variable 'est.exp'
    apsrtableSummary.negbin: no visible global function definition for
     'coef'
    apsrtableSummary.negbin: no visible global function definition for
     'pnorm'
    coefPosition : <anonymous>: no visible global function definition for
     'coef'
    modelInfo.summary.glm: no visible global function definition for 'coef'
    modelInfo.summary.tobit: no visible global function definition for
     'pchisq'
    orderCoef : <anonymous>: no visible global function definition for
     'coef'
    orderCoef: no visible global function definition for 'coef'
    pval.note: no visible binding for global variable 'se'
    se.note: no visible binding for global variable 'se'
    se.note: no visible binding for global variable 'nmodels'
    stars.note: no visible binding for global variable 'stars'
    stars.note: no visible binding for global variable 'lev'
    modelInfo,summary.glm: no visible global function definition for 'coef'
    modelInfo,summary.negbin: no visible global function definition for
     'coef'
    modelInfo,summary.svyglm: no visible global function definition for
     'coef'
    modelInfo,summary.tobit: no visible global function definition for
     'pchisq'
    Undefined global functions or variables:
     coef est.exp lev nmodels pchisq pnorm pt se stars symnum
    Consider adding
     importFrom("graphics", "stars")
     importFrom("stats", "coef", "pchisq", "pnorm", "pt", "symnum")
    to your NAMESPACE file.
Flavors: r-devel-linux-x86_64-debian-clang, r-devel-linux-x86_64-debian-gcc, r-devel-linux-x86_64-fedora-clang, r-devel-linux-x86_64-fedora-gcc, r-devel-windows-x86_64, r-devel-windows-x86_64-gcc10-UCRT, r-patched-linux-x86_64, r-patched-solaris-x86, r-release-linux-x86_64, r-release-macos-arm64, r-release-macos-x86_64, r-release-windows-ix86+x86_64, r-oldrel-macos-x86_64, r-oldrel-windows-ix86+x86_64

Version: 0.8-8
Check: Rd cross-references
Result: NOTE
    Undeclared packages ‘AER’, ‘gee’, ‘survey’ in Rd xrefs
Flavor: r-devel-linux-x86_64-fedora-clang

Version: 0.8-8
Check: whether package can be installed
Result: WARN
    Found the following significant warnings:
     WARNING: installation-time patches will not be applied, could not get the patches index
Flavor: r-devel-windows-x86_64-gcc10-UCRT

Version: 0.8-8
Check: PDF version of manual
Result: WARN
    LaTeX errors when creating PDF version.
    This typically indicates Rd problems.
Flavor: r-devel-windows-x86_64-gcc10-UCRT

Version: 0.8-8
Check: PDF version of manual without hyperrefs or index
Result: ERROR
    Re-running with no redirection of stdout/stderr.
Flavor: r-devel-windows-x86_64-gcc10-UCRT