CRAN Package Check Results for Package apsimx

Last updated on 2021-11-27 07:49:42 CET.

Flavor Version Tinstall Tcheck Ttotal Status Flags
r-devel-linux-x86_64-debian-clang 2.0 OK
r-devel-linux-x86_64-debian-gcc 2.0 13.16 126.01 139.17 OK
r-devel-linux-x86_64-fedora-clang 2.0 243.27 NOTE
r-devel-linux-x86_64-fedora-gcc 2.0 228.76 OK
r-devel-windows-x86_64-new-UL 2.0 34.00 252.00 286.00 NOTE
r-devel-windows-x86_64-new-TK 2.0 OK
r-devel-windows-x86_64-old 2.0 17.00 157.00 174.00 NOTE
r-patched-linux-x86_64 2.0 16.89 164.51 181.40 OK
r-patched-solaris-x86 2.0 272.00 NOTE
r-release-linux-x86_64 2.0 OK
r-release-macos-arm64 2.0 NOTE
r-release-macos-x86_64 2.0 NOTE
r-release-windows-ix86+x86_64 2.0 28.00 218.00 246.00 NOTE
r-oldrel-macos-x86_64 2.0 NOTE
r-oldrel-windows-ix86+x86_64 2.0 22.00 215.00 237.00 NOTE

Check Details

Version: 2.0
Check: installed package size
Result: NOTE
     installed size is 6.2Mb
     sub-directories of 1Mb or more:
     extdata 5.0Mb
Flavors: r-devel-linux-x86_64-fedora-clang, r-devel-windows-x86_64-new-UL, r-devel-windows-x86_64-old, r-patched-solaris-x86, r-release-macos-arm64, r-release-macos-x86_64, r-release-windows-ix86+x86_64, r-oldrel-macos-x86_64, r-oldrel-windows-ix86+x86_64