CRAN Package Check Results for Package appnn

Last updated on 2022-01-26 07:52:36 CET.

Flavor Version Tinstall Tcheck Ttotal Status Flags
r-devel-linux-x86_64-debian-clang 1.0-0 1.81 28.58 30.39 NOTE
r-devel-linux-x86_64-debian-gcc 1.0-0 1.40 22.44 23.84 NOTE
r-devel-linux-x86_64-fedora-clang 1.0-0 37.60 NOTE
r-devel-linux-x86_64-fedora-gcc 1.0-0 26.89 NOTE
r-devel-windows-x86_64-new-UL 1.0-0 17.00 40.00 57.00 NOTE
r-devel-windows-x86_64-new-TK 1.0-0 NOTE
r-patched-linux-x86_64 1.0-0 1.63 27.06 28.69 NOTE
r-release-linux-x86_64 1.0-0 1.29 27.30 28.59 NOTE
r-release-macos-arm64 1.0-0 NOTE
r-release-macos-x86_64 1.0-0 NOTE
r-release-windows-ix86+x86_64 1.0-0 5.00 32.00 37.00 NOTE
r-oldrel-macos-x86_64 1.0-0 OK
r-oldrel-windows-ix86+x86_64 1.0-0 4.00 29.00 33.00 OK

Check Details

Version: 1.0-0
Check: LazyData
Result: NOTE
     'LazyData' is specified without a 'data' directory
Flavors: r-devel-linux-x86_64-debian-clang, r-devel-linux-x86_64-debian-gcc, r-devel-linux-x86_64-fedora-clang, r-devel-linux-x86_64-fedora-gcc, r-devel-windows-x86_64-new-UL, r-devel-windows-x86_64-new-TK, r-patched-linux-x86_64, r-release-linux-x86_64, r-release-macos-arm64, r-release-macos-x86_64, r-release-windows-ix86+x86_64