CRAN Package Check Results for Package aplot

Last updated on 2021-11-30 07:49:45 CET.

Flavor Version Tinstall Tcheck Ttotal Status Flags
r-devel-linux-x86_64-debian-clang 0.1.1 4.47 47.91 52.38 OK
r-devel-linux-x86_64-debian-gcc 0.1.1 3.18 36.10 39.28 OK
r-devel-linux-x86_64-fedora-clang 0.1.1 73.40 NOTE
r-devel-linux-x86_64-fedora-gcc 0.1.1 66.93 NOTE
r-devel-windows-x86_64-new-UL 0.1.1 12.00 84.00 96.00 OK
r-devel-windows-x86_64-new-TK 0.1.1 NOTE
r-devel-windows-x86_64-old 0.1.1 10.00 51.00 61.00 OK
r-patched-linux-x86_64 0.1.1 4.94 43.66 48.60 OK
r-patched-solaris-x86 0.1.1 87.70 NOTE
r-release-linux-x86_64 0.1.1 4.05 43.75 47.80 OK
r-release-macos-arm64 0.1.1 NOTE
r-release-macos-x86_64 0.1.1 NOTE
r-release-windows-ix86+x86_64 0.1.1 16.00 53.00 69.00 OK
r-oldrel-macos-x86_64 0.1.1 ERROR
r-oldrel-windows-ix86+x86_64 0.1.1 9.00 48.00 57.00 ERROR

Check Details

Version: 0.1.1
Check: dependencies in R code
Result: NOTE
    Namespace in Imports field not imported from: ‘yulab.utils’
     All declared Imports should be used.
Flavors: r-devel-linux-x86_64-fedora-clang, r-devel-linux-x86_64-fedora-gcc, r-devel-windows-x86_64-new-TK, r-patched-solaris-x86, r-release-macos-arm64, r-release-macos-x86_64, r-oldrel-macos-x86_64

Version: 0.1.1
Check: package dependencies
Result: NOTE
    Package suggested but not available for checking: ‘ggtree’
Flavor: r-oldrel-macos-x86_64

Version: 0.1.1
Check: examples
Result: ERROR
    Running examples in ‘aplot-Ex.R’ failed
    The error most likely occurred in:
    
    > ### Name: insert_left
    > ### Title: plot-insertion
    > ### Aliases: insert_left insert_right insert_top insert_bottom
    >
    > ### ** Examples
    >
    > library(ggplot2)
    > library(aplot)
    >
    > p <- ggplot(mtcars, aes(mpg, disp)) + geom_point()
    > p2 <- ggplot(mtcars, aes(mpg)) +
    + geom_density(fill='steelblue', alpha=.5) +
    + ggtree::theme_dendrogram()
    Error in loadNamespace(name) : there is no package called ‘ggtree’
    Calls: :: ... loadNamespace -> withRestarts -> withOneRestart -> doWithOneRestart
    Execution halted
Flavor: r-oldrel-macos-x86_64

Version: 0.1.1
Check: examples
Result: ERROR
    Running examples in 'aplot-Ex.R' failed
    The error most likely occurred in:
    
    > ### Name: insert_left
    > ### Title: plot-insertion
    > ### Aliases: insert_left insert_right insert_top insert_bottom
    >
    > ### ** Examples
    >
    > library(ggplot2)
    > library(aplot)
    >
    > p <- ggplot(mtcars, aes(mpg, disp)) + geom_point()
    > p2 <- ggplot(mtcars, aes(mpg)) +
    + geom_density(fill='steelblue', alpha=.5) +
    + ggtree::theme_dendrogram()
    Error: object 'get_aes_var' is not exported by 'namespace:rvcheck'
    Execution halted
Flavor: r-oldrel-windows-ix86+x86_64