CRAN Package Check Results for Package apisensr

Last updated on 2021-09-20 20:48:25 CEST.

Flavor Version Tinstall Tcheck Ttotal Status Flags
r-devel-linux-x86_64-debian-clang 0.3.0 11.52 111.31 122.83 NOTE
r-devel-linux-x86_64-debian-gcc 0.3.0 9.97 81.61 91.58 NOTE
r-devel-linux-x86_64-fedora-clang 0.3.0 154.43 NOTE
r-devel-linux-x86_64-fedora-gcc 0.3.0 141.66 NOTE
r-devel-windows-x86_64 0.3.0 17.00 105.00 122.00 NOTE
r-devel-windows-x86_64-gcc10-UCRT 0.3.0 ERROR
r-patched-linux-x86_64 0.3.0 12.01 103.81 115.82 NOTE
r-patched-solaris-x86 0.3.0 205.20 NOTE
r-release-linux-x86_64 0.3.0 13.23 103.70 116.93 NOTE
r-release-macos-arm64 0.3.0 NOTE
r-release-macos-x86_64 0.3.0 NOTE
r-release-windows-ix86+x86_64 0.3.0 36.00 145.00 181.00 NOTE
r-oldrel-macos-x86_64 0.3.0 OK
r-oldrel-windows-ix86+x86_64 0.3.0 38.00 160.00 198.00 OK

Check Details

Version: 0.3.0
Check: LazyData
Result: NOTE
     'LazyData' is specified without a 'data' directory
Flavors: r-devel-linux-x86_64-debian-clang, r-devel-linux-x86_64-debian-gcc, r-devel-linux-x86_64-fedora-clang, r-devel-linux-x86_64-fedora-gcc, r-devel-windows-x86_64, r-devel-windows-x86_64-gcc10-UCRT, r-patched-linux-x86_64, r-patched-solaris-x86, r-release-linux-x86_64, r-release-macos-arm64, r-release-macos-x86_64, r-release-windows-ix86+x86_64

Version: 0.3.0
Check: whether package can be installed
Result: WARN
    Found the following significant warnings:
     WARNING: installation-time patches will not be applied, could not get the patches index
Flavor: r-devel-windows-x86_64-gcc10-UCRT

Version: 0.3.0
Check: PDF version of manual
Result: WARN
    LaTeX errors when creating PDF version.
    This typically indicates Rd problems.
Flavor: r-devel-windows-x86_64-gcc10-UCRT

Version: 0.3.0
Check: PDF version of manual without hyperrefs or index
Result: ERROR
    Re-running with no redirection of stdout/stderr.
Flavor: r-devel-windows-x86_64-gcc10-UCRT