CRAN Package Check Results for Package apcluster

Last updated on 2021-12-02 08:51:02 CET.

Flavor Version Tinstall Tcheck Ttotal Status Flags
r-devel-linux-x86_64-debian-clang 1.4.8 66.50 123.58 190.08 OK
r-devel-linux-x86_64-debian-gcc 1.4.8 50.60 93.72 144.32 OK
r-devel-linux-x86_64-fedora-clang 1.4.8 277.64 OK
r-devel-linux-x86_64-fedora-gcc 1.4.8 262.72 OK
r-devel-windows-x86_64-new-UL 1.4.8 99.00 215.00 314.00 OK
r-devel-windows-x86_64-new-TK 1.4.8 OK
r-devel-windows-x86_64-old 1.4.8 92.00 128.00 220.00 OK
r-patched-linux-x86_64 1.4.8 59.53 119.27 178.80 OK
r-patched-solaris-x86 1.4.8 254.30 WARN
r-release-linux-x86_64 1.4.8 60.16 119.38 179.54 OK
r-release-macos-arm64 1.4.8 WARN
r-release-macos-x86_64 1.4.8 WARN
r-release-windows-ix86+x86_64 1.4.8 167.00 207.00 374.00 OK
r-oldrel-macos-x86_64 1.4.8 WARN
r-oldrel-windows-ix86+x86_64 1.4.8 172.00 214.00 386.00 OK

Check Details

Version: 1.4.8
Check: package dependencies
Result: NOTE
    Package suggested but not available for checking: ‘kebabs’
Flavors: r-patched-solaris-x86, r-release-macos-arm64, r-release-macos-x86_64, r-oldrel-macos-x86_64

Version: 1.4.8
Check: re-building of vignette outputs
Result: WARN
    Error(s) in re-building vignettes:
     ...
    --- re-building ‘apcluster.Rnw’ using knitr
    
    Attaching package: 'apcluster'
    
    The following object is masked from 'package:stats':
    
     heatmap
    
    Quitting from lines 387-408 (apcluster.Rnw)
    Error: processing vignette 'apcluster.Rnw' failed with diagnostics:
    object 'apres2c' not found
    --- failed re-building ‘apcluster.Rnw’
    
    SUMMARY: processing the following file failed:
     ‘apcluster.Rnw’
    
    Error: Vignette re-building failed.
    Execution halted
Flavors: r-patched-solaris-x86, r-release-macos-arm64, r-release-macos-x86_64, r-oldrel-macos-x86_64