CRAN Package Check Results for Package apc

Last updated on 2021-12-02 19:53:03 CET.

Flavor Version Tinstall Tcheck Ttotal Status Flags
r-devel-linux-x86_64-debian-clang 2.0.0 19.16 588.14 607.30 OK
r-devel-linux-x86_64-debian-gcc 2.0.0 15.39 438.91 454.30 OK
r-devel-linux-x86_64-fedora-clang 2.0.0 739.88 NOTE
r-devel-linux-x86_64-fedora-gcc 2.0.0 747.60 NOTE
r-devel-windows-x86_64-new-UL 2.0.0 36.00 790.00 826.00 OK
r-devel-windows-x86_64-new-TK 2.0.0 NOTE
r-devel-windows-x86_64-old 2.0.0 30.00 584.00 614.00 OK
r-patched-linux-x86_64 2.0.0 27.66 585.23 612.89 OK
r-patched-solaris-x86 2.0.0 1254.10 NOTE
r-release-linux-x86_64 2.0.0 18.71 589.12 607.83 OK
r-release-macos-arm64 2.0.0 NOTE
r-release-macos-x86_64 2.0.0 NOTE
r-release-windows-ix86+x86_64 2.0.0 34.00 730.00 764.00 OK
r-oldrel-macos-x86_64 2.0.0 NOTE
r-oldrel-windows-ix86+x86_64 2.0.0 40.00 728.00 768.00 OK

Check Details

Version: 2.0.0
Check: dependencies in R code
Result: NOTE
    Namespaces in Imports field not imported from:
     ‘AER’ ‘ChainLadder’ ‘ISLR’ ‘ggplot2’
     All declared Imports should be used.
Flavors: r-devel-linux-x86_64-fedora-clang, r-devel-linux-x86_64-fedora-gcc, r-devel-windows-x86_64-new-TK, r-patched-solaris-x86, r-release-macos-arm64, r-release-macos-x86_64, r-oldrel-macos-x86_64