CRAN Package Check Results for Package apaTables

Last updated on 2019-08-21 10:47:21 CEST.

Flavor Version Tinstall Tcheck Ttotal Status Flags
r-devel-linux-x86_64-debian-clang 2.0.5 6.64 59.96 66.60 NOTE
r-devel-linux-x86_64-debian-gcc 2.0.5 5.87 47.18 53.05 NOTE
r-devel-linux-x86_64-fedora-clang 2.0.5 81.17 NOTE
r-devel-linux-x86_64-fedora-gcc 2.0.5 77.45 NOTE
r-devel-windows-ix86+x86_64 2.0.5 22.00 105.00 127.00 OK
r-patched-linux-x86_64 2.0.5 6.23 58.75 64.98 OK
r-patched-solaris-x86 2.0.5 113.70 OK
r-release-linux-x86_64 2.0.5 5.86 59.68 65.54 OK
r-release-windows-ix86+x86_64 2.0.5 16.00 72.00 88.00 OK
r-release-osx-x86_64 2.0.5 OK
r-oldrel-windows-ix86+x86_64 2.0.5 14.00 100.00 114.00 OK
r-oldrel-osx-x86_64 2.0.5 OK

Check Details

Version: 2.0.5
Check: for non-standard things in the check directory
Result: NOTE
    Found the following files/directories:
     'ex.CorTable1.doc' 'ex1_anova_table.doc' 'ex1_d_table.doc'
     'ex1_desc_table.doc' 'ex1_ez_independent.doc' 'ex2_anova_table.doc'
     'ex2_desc_table.doc' 'ex2_repeated_table.doc' 'ex3_anova_table.doc'
     'ex3_desc_table.doc' 'ex3_mixed_table.doc' 'exInteraction1.doc'
     'exInteraction2.doc' 'exInteraction3.doc' 'exRegBlocksTable.doc'
     'exRegTable.doc'
Flavors: r-devel-linux-x86_64-debian-clang, r-devel-linux-x86_64-debian-gcc, r-devel-linux-x86_64-fedora-clang, r-devel-linux-x86_64-fedora-gcc