CRAN Package Check Results for Package apaTables

Last updated on 2019-12-09 08:54:55 CET.

Flavor Version Tinstall Tcheck Ttotal Status Flags
r-devel-linux-x86_64-debian-clang 2.0.5 8.46 67.60 76.06 NOTE
r-devel-linux-x86_64-debian-gcc 2.0.5 7.71 53.42 61.13 NOTE
r-devel-linux-x86_64-fedora-clang 2.0.5 89.75 NOTE
r-devel-linux-x86_64-fedora-gcc 2.0.5 83.25 NOTE
r-devel-windows-ix86+x86_64 2.0.5 20.00 110.00 130.00 OK
r-devel-windows-ix86+x86_64-gcc8 2.0.5 27.00 86.00 113.00 OK
r-patched-linux-x86_64 2.0.5 6.27 59.89 66.16 OK
r-patched-solaris-x86 2.0.5 113.30 OK
r-release-linux-x86_64 2.0.5 7.97 59.62 67.59 OK
r-release-windows-ix86+x86_64 2.0.5 17.00 76.00 93.00 OK
r-release-osx-x86_64 2.0.5 OK
r-oldrel-windows-ix86+x86_64 2.0.5 11.00 79.00 90.00 OK
r-oldrel-osx-x86_64 2.0.5 OK

Check Details

Version: 2.0.5
Check: for non-standard things in the check directory
Result: NOTE
    Found the following files/directories:
     'ex.CorTable1.doc' 'ex1_anova_table.doc' 'ex1_d_table.doc'
     'ex1_desc_table.doc' 'ex1_ez_independent.doc' 'ex2_anova_table.doc'
     'ex2_desc_table.doc' 'ex2_repeated_table.doc' 'ex3_anova_table.doc'
     'ex3_desc_table.doc' 'ex3_mixed_table.doc' 'exInteraction1.doc'
     'exInteraction2.doc' 'exInteraction3.doc' 'exRegBlocksTable.doc'
     'exRegTable.doc'
Flavors: r-devel-linux-x86_64-debian-clang, r-devel-linux-x86_64-debian-gcc, r-devel-linux-x86_64-fedora-clang, r-devel-linux-x86_64-fedora-gcc