CRAN Package Check Results for Package aods3

Last updated on 2021-11-29 20:50:35 CET.

Flavor Version Tinstall Tcheck Ttotal Status Flags
r-devel-linux-x86_64-debian-clang 0.4-1.1 8.69 74.84 83.53 NOTE
r-devel-linux-x86_64-debian-gcc 0.4-1.1 8.42 58.10 66.52 NOTE
r-devel-linux-x86_64-fedora-clang 0.4-1.1 114.99 NOTE
r-devel-linux-x86_64-fedora-gcc 0.4-1.1 110.02 NOTE
r-devel-windows-x86_64-new-UL 0.4-1.1 18.00 110.00 128.00 NOTE
r-devel-windows-x86_64-new-TK 0.4-1.1 NOTE
r-devel-windows-x86_64-old 0.4-1.1 14.00 71.00 85.00 NOTE
r-patched-linux-x86_64 0.4-1.1 9.76 71.47 81.23 NOTE
r-patched-solaris-x86 0.4-1.1 140.30 NOTE
r-release-linux-x86_64 0.4-1.1 9.18 71.75 80.93 NOTE
r-release-macos-arm64 0.4-1.1 NOTE
r-release-macos-x86_64 0.4-1.1 NOTE
r-release-windows-ix86+x86_64 0.4-1.1 20.00 71.00 91.00 NOTE
r-oldrel-macos-x86_64 0.4-1.1 NOTE
r-oldrel-windows-ix86+x86_64 0.4-1.1 14.00 70.00 84.00 NOTE

Check Details

Version: 0.4-1.1
Check: dependencies in R code
Result: NOTE
    Packages in Depends field not imported from:
     'boot' 'lme4'
     These packages need to be imported from (in the NAMESPACE file)
     for when this namespace is loaded but not attached.
Flavors: r-devel-linux-x86_64-debian-clang, r-devel-linux-x86_64-debian-gcc, r-devel-linux-x86_64-fedora-clang, r-devel-linux-x86_64-fedora-gcc, r-devel-windows-x86_64-new-UL, r-devel-windows-x86_64-new-TK, r-devel-windows-x86_64-old, r-patched-linux-x86_64, r-patched-solaris-x86, r-release-linux-x86_64, r-release-macos-arm64, r-release-macos-x86_64, r-release-windows-ix86+x86_64, r-oldrel-macos-x86_64, r-oldrel-windows-ix86+x86_64