CRAN Package Check Results for Package anyflights

Last updated on 2021-09-24 20:48:37 CEST.

Flavor Version Tinstall Tcheck Ttotal Status Flags
r-devel-linux-x86_64-debian-clang 0.3.1 4.69 46.22 50.91 NOTE
r-devel-linux-x86_64-debian-gcc 0.3.1 3.86 34.28 38.14 NOTE
r-devel-linux-x86_64-fedora-clang 0.3.1 69.81 NOTE
r-devel-linux-x86_64-fedora-gcc 0.3.1 57.02 NOTE
r-devel-windows-x86_64 0.3.1 7.00 47.00 54.00 NOTE
r-devel-windows-x86_64-gcc10-UCRT 0.3.1 NOTE
r-patched-linux-x86_64 0.3.1 5.46 42.66 48.12 NOTE
r-patched-solaris-x86 0.3.1 86.00 NOTE
r-release-linux-x86_64 0.3.1 4.74 42.88 47.62 NOTE
r-release-macos-arm64 0.3.1 NOTE
r-release-macos-x86_64 0.3.1 NOTE
r-release-windows-ix86+x86_64 0.3.1 12.00 62.00 74.00 NOTE
r-oldrel-macos-x86_64 0.3.1 OK
r-oldrel-windows-ix86+x86_64 0.3.1 10.00 45.00 55.00 OK

Check Details

Version: 0.3.1
Check: LazyData
Result: NOTE
     'LazyData' is specified without a 'data' directory
Flavors: r-devel-linux-x86_64-debian-clang, r-devel-linux-x86_64-debian-gcc, r-devel-linux-x86_64-fedora-clang, r-devel-linux-x86_64-fedora-gcc, r-devel-windows-x86_64, r-devel-windows-x86_64-gcc10-UCRT, r-patched-linux-x86_64, r-patched-solaris-x86, r-release-linux-x86_64, r-release-macos-arm64, r-release-macos-x86_64, r-release-windows-ix86+x86_64