CRAN Package Check Results for Package antiword

Last updated on 2022-01-22 07:52:36 CET.

Flavor Version Tinstall Tcheck Ttotal Status Flags
r-devel-linux-x86_64-debian-clang 1.3 13.18 28.45 41.63 NOTE
r-devel-linux-x86_64-debian-gcc 1.3 9.97 22.27 32.24 NOTE
r-devel-linux-x86_64-fedora-clang 1.3 54.31 NOTE
r-devel-linux-x86_64-fedora-gcc 1.3 41.94 NOTE
r-devel-windows-x86_64-new-UL 1.3 102.00 50.00 152.00 NOTE
r-devel-windows-x86_64-new-TK 1.3 NOTE
r-patched-linux-x86_64 1.3 11.58 27.42 39.00 NOTE
r-release-linux-x86_64 1.3 11.00 27.24 38.24 NOTE
r-release-macos-arm64 1.3 NOTE
r-release-macos-x86_64 1.3 NOTE
r-release-windows-ix86+x86_64 1.3 41.00 43.00 84.00 NOTE
r-oldrel-macos-x86_64 1.3 OK
r-oldrel-windows-ix86+x86_64 1.3 43.00 42.00 85.00 OK

Check Details

Version: 1.3
Check: LazyData
Result: NOTE
     'LazyData' is specified without a 'data' directory
Flavors: r-devel-linux-x86_64-debian-clang, r-devel-linux-x86_64-debian-gcc, r-devel-linux-x86_64-fedora-clang, r-devel-linux-x86_64-fedora-gcc, r-devel-windows-x86_64-new-UL, r-devel-windows-x86_64-new-TK, r-patched-linux-x86_64, r-release-linux-x86_64, r-release-macos-arm64, r-release-macos-x86_64, r-release-windows-ix86+x86_64