CRAN Package Check Results for Package antaresViz

Last updated on 2022-08-14 21:53:04 CEST.

Flavor Version Tinstall Tcheck Ttotal Status Flags
r-devel-linux-x86_64-debian-clang 0.17 46.67 538.65 585.32 OK
r-devel-linux-x86_64-debian-gcc 0.17 38.06 487.42 525.48 OK
r-devel-linux-x86_64-fedora-clang 0.17 616.89 OK
r-devel-linux-x86_64-fedora-gcc 0.17 643.52 OK
r-devel-windows-x86_64 0.17 138.00 510.00 648.00 OK
r-patched-linux-x86_64 0.17 42.24 496.70 538.94 OK
r-release-linux-x86_64 0.17 36.23 511.72 547.95 OK
r-release-macos-arm64 0.17 132.00 ERROR
r-release-macos-x86_64 0.17 233.00 OK
r-release-windows-x86_64 0.17 139.00 502.00 641.00 OK
r-oldrel-macos-arm64 137.00 ERROR
r-oldrel-macos-x86_64 0.17 179.00 OK
r-oldrel-windows-ix86+x86_64 0.17 117.00 539.00 656.00 OK

Check Details

Version: 0.17
Check: tests
Result: ERROR
     Running ‘testthat.R’ [19s/20s]
    Running the tests in ‘tests/testthat.R’ failed.
    Last 13 lines of output:
     `expected` is a logical vector (TRUE)
     ── Failure (test-prodStack.R:456:3): prodStack must work with refStudy, if interactive is set to TRUE and if x is a list of antaresDataList and refStudy an antaresDataList , ──
     isTRUE(...) is not TRUE
    
     `actual`: FALSE
     `expected`: TRUE
     ── Failure (test-prodStack.R:470:3): prodStack must work with refStudy, if interactive is set to TRUE and if x is a list of antaresDataList and refStudy an antaresDataList , ──
     all.equal(...) is not TRUE
    
     `actual` is a character vector ('Mean absolute difference: 2500')
     `expected` is a logical vector (TRUE)
    
     [ FAIL 12 | WARN 1 | SKIP 13 | PASS 290 ]
     Error: Test failures
     Execution halted
Flavor: r-release-macos-arm64

Version: 0.17
Check: tests
Result: ERROR
     Running ‘testthat.R’ [12s/12s]
    Running the tests in ‘tests/testthat.R’ failed.
    Last 13 lines of output:
     `expected` is a logical vector (TRUE)
     ── Failure (test-prodStack.R:456:3): prodStack must work with refStudy, if interactive is set to TRUE and if x is a list of antaresDataList and refStudy an antaresDataList , ──
     isTRUE(...) is not TRUE
    
     `actual`: FALSE
     `expected`: TRUE
     ── Failure (test-prodStack.R:470:3): prodStack must work with refStudy, if interactive is set to TRUE and if x is a list of antaresDataList and refStudy an antaresDataList , ──
     all.equal(...) is not TRUE
    
     `actual` is a character vector ('Mean absolute difference: 2500')
     `expected` is a logical vector (TRUE)
    
     [ FAIL 12 | WARN 1 | SKIP 13 | PASS 290 ]
     Error: Test failures
     Execution halted
Flavor: r-oldrel-macos-arm64