CRAN Package Check Results for Package antaresProcessing

Last updated on 2022-09-30 20:51:55 CEST.

Flavor Version Tinstall Tcheck Ttotal Status Flags
r-devel-linux-x86_64-debian-clang 0.18.1 7.65 145.47 153.12 OK
r-devel-linux-x86_64-debian-gcc 0.18.1 5.66 116.80 122.46 OK
r-devel-linux-x86_64-fedora-clang 0.18.1 175.96 OK
r-devel-linux-x86_64-fedora-gcc 0.18.1 159.68 OK
r-devel-windows-x86_64 0.18.1 61.00 163.00 224.00 OK
r-patched-linux-x86_64 0.18.1 12.53 125.15 137.68 OK
r-release-linux-x86_64 0.18.1 5.22 119.82 125.04 OK
r-release-macos-arm64 0.18.1 42.00 NOTE
r-release-macos-x86_64 0.18.1 95.00 OK
r-release-windows-x86_64 0.18.1 84.00 157.00 241.00 OK
r-oldrel-macos-arm64 0.18.1 42.00 OK
r-oldrel-macos-x86_64 0.18.1 57.00 OK
r-oldrel-windows-ix86+x86_64 0.18.1 22.00 145.00 167.00 OK

Check Details

Version: 0.18.1
Check: package dependencies
Result: NOTE
    Package suggested but not available for checking: ‘rhdf5’
Flavor: r-release-macos-arm64