CRAN Package Check Results for Package anocva

Last updated on 2020-07-14 09:50:18 CEST.

Flavor Version Tinstall Tcheck Ttotal Status Flags
r-devel-linux-x86_64-debian-clang 0.1.1 2.09 24.81 26.90 OK
r-devel-linux-x86_64-debian-gcc 0.1.1 1.48 20.03 21.51 OK
r-devel-linux-x86_64-fedora-clang 0.1.1 41.14 OK
r-devel-linux-x86_64-fedora-gcc 0.1.1 32.54 OK
r-devel-windows-ix86+x86_64 0.1.1 7.00 57.00 64.00 OK
r-patched-linux-x86_64 0.1.1 2.08 25.02 27.10 OK
r-patched-solaris-x86 0.1.1 56.50 OK
r-release-linux-x86_64 0.1.1 2.04 25.16 27.20 OK
r-release-macos-x86_64 0.1.1 ERROR
r-release-windows-ix86+x86_64 0.1.1 9.00 34.00 43.00 OK
r-oldrel-macos-x86_64 0.1.1 OK
r-oldrel-windows-ix86+x86_64 0.1.1 29.00 51.00 80.00 OK

Check Details

Version: 0.1.1
Check: whether package can be installed
Result: ERROR
    Installation failed.
Flavor: r-release-macos-x86_64