CRAN Package Check Results for Package aniview

Last updated on 2021-12-02 08:51:02 CET.

Flavor Version Tinstall Tcheck Ttotal Status Flags
r-devel-linux-x86_64-debian-clang 0.1.0 2.15 24.52 26.67 NOTE
r-devel-linux-x86_64-debian-gcc 0.1.0 1.87 19.70 21.57 NOTE
r-devel-linux-x86_64-fedora-clang 0.1.0 43.25 NOTE
r-devel-linux-x86_64-fedora-gcc 0.1.0 33.38 NOTE
r-devel-windows-x86_64-new-UL 0.1.0 6.00 64.00 70.00 NOTE
r-devel-windows-x86_64-new-TK 0.1.0 NOTE
r-devel-windows-x86_64-old 0.1.0 5.00 32.00 37.00 NOTE
r-patched-linux-x86_64 0.1.0 2.27 23.55 25.82 NOTE
r-patched-solaris-x86 0.1.0 52.70 NOTE
r-release-linux-x86_64 0.1.0 2.13 23.86 25.99 NOTE
r-release-macos-arm64 0.1.0 NOTE
r-release-macos-x86_64 0.1.0 NOTE
r-release-windows-ix86+x86_64 0.1.0 8.00 42.00 50.00 NOTE
r-oldrel-macos-x86_64 0.1.0 OK
r-oldrel-windows-ix86+x86_64 0.1.0 5.00 47.00 52.00 OK

Check Details

Version: 0.1.0
Check: LazyData
Result: NOTE
     'LazyData' is specified without a 'data' directory
Flavors: r-devel-linux-x86_64-debian-clang, r-devel-linux-x86_64-debian-gcc, r-devel-linux-x86_64-fedora-clang, r-devel-linux-x86_64-fedora-gcc, r-devel-windows-x86_64-new-UL, r-devel-windows-x86_64-new-TK, r-devel-windows-x86_64-old, r-patched-linux-x86_64, r-patched-solaris-x86, r-release-linux-x86_64, r-release-macos-arm64, r-release-macos-x86_64, r-release-windows-ix86+x86_64