CRAN Package Check Results for Package anapuce

Last updated on 2021-12-06 19:50:31 CET.

Flavor Version Tinstall Tcheck Ttotal Status Flags
r-devel-linux-x86_64-debian-clang 2.3 3.14 36.87 40.01 NOTE
r-devel-linux-x86_64-debian-gcc 2.3 2.88 28.60 31.48 NOTE
r-devel-linux-x86_64-fedora-clang 2.3 50.65 NOTE
r-devel-linux-x86_64-fedora-gcc 2.3 39.65 NOTE
r-devel-windows-x86_64-new-UL 2.3 10.00 60.00 70.00 OK
r-devel-windows-x86_64-new-TK 2.3 OK
r-devel-windows-x86_64-old 2.3 7.00 30.00 37.00 OK
r-patched-linux-x86_64 2.3 4.16 27.29 31.45 NOTE
r-release-linux-x86_64 2.3 3.80 35.11 38.91 NOTE
r-release-macos-arm64 2.3 OK
r-release-macos-x86_64 2.3 OK
r-release-windows-ix86+x86_64 2.3 7.00 40.00 47.00 OK
r-oldrel-macos-x86_64 2.3 OK
r-oldrel-windows-ix86+x86_64 2.3 6.00 38.00 44.00 OK

Check Details

Version: 2.3
Check: for non-standard things in the check directory
Result: NOTE
    Found the following files/directories:
     'BH-0.05-ListOfGenes.txt' 'BH-0.05-VM-ListOfGenes.txt'
     'CompleteListOfGenes.txt' 'GenesOutOfAnalysis.txt'
     'GenesOutOfAnalysis_NotEnoughObs.txt'
     'GenesOutOfAnalysis_NullVar.txt' 'VM-CompleteListOfGenes.txt'
     'bonferroni-0.05-ListOfGenes.txt'
     'bonferroni-0.05-VM-ListOfGenes.txt'
Flavors: r-devel-linux-x86_64-debian-clang, r-devel-linux-x86_64-debian-gcc, r-devel-linux-x86_64-fedora-clang, r-devel-linux-x86_64-fedora-gcc, r-patched-linux-x86_64, r-release-linux-x86_64