CRAN Package Check Results for Package analogueExtra

Last updated on 2020-11-26 20:51:32 CET.

Flavor Version Tinstall Tcheck Ttotal Status Flags
r-devel-linux-x86_64-debian-clang 0.1-1 9.67 78.42 88.09 OK
r-devel-linux-x86_64-debian-gcc 0.1-1 7.65 63.51 71.16 OK
r-devel-linux-x86_64-fedora-clang 0.1-1 111.92 NOTE
r-devel-linux-x86_64-fedora-gcc 0.1-1 102.58 OK
r-devel-windows-ix86+x86_64 0.1-1 21.00 99.00 120.00 OK
r-patched-linux-x86_64 0.1-1 10.32 75.84 86.16 OK
r-patched-solaris-x86 0.1-1 153.00 OK
r-release-linux-x86_64 0.1-1 9.71 74.89 84.60 OK
r-release-macos-x86_64 0.1-1 OK
r-release-windows-ix86+x86_64 0.1-1 23.00 103.00 126.00 OK
r-oldrel-macos-x86_64 0.1-1 WARN
r-oldrel-windows-ix86+x86_64 0.1-1 18.00 93.00 111.00 OK

Check Details

Version: 0.1-1
Check: Rd cross-references
Result: NOTE
    Undeclared package ‘vegan’ in Rd xrefs
Flavor: r-devel-linux-x86_64-fedora-clang

Version: 0.1-1
Check: whether package can be installed
Result: WARN
    Found the following significant warnings:
     Warning: 'rgl_init' failed, running with rgl.useNULL = TRUE
Flavor: r-oldrel-macos-x86_64