CRAN Package Check Results for Package analogueExtra

Last updated on 2021-12-06 19:50:31 CET.

Flavor Version Tinstall Tcheck Ttotal Status Flags
r-devel-linux-x86_64-debian-clang 0.1-1 8.48 82.73 91.21 OK
r-devel-linux-x86_64-debian-gcc 0.1-1 7.53 65.62 73.15 OK
r-devel-linux-x86_64-fedora-clang 0.1-1 111.42 NOTE
r-devel-linux-x86_64-fedora-gcc 0.1-1 100.97 OK
r-devel-windows-x86_64-new-UL 0.1-1 15.00 112.00 127.00 OK
r-devel-windows-x86_64-new-TK 0.1-1 OK
r-devel-windows-x86_64-old 0.1-1 15.00 71.00 86.00 OK
r-patched-linux-x86_64 0.1-1 11.68 71.13 82.81 OK
r-release-linux-x86_64 0.1-1 8.25 78.34 86.59 OK
r-release-macos-arm64 0.1-1 OK
r-release-macos-x86_64 0.1-1 OK
r-release-windows-ix86+x86_64 0.1-1 21.00 96.00 117.00 OK
r-oldrel-macos-x86_64 0.1-1 OK
r-oldrel-windows-ix86+x86_64 0.1-1 20.00 97.00 117.00 OK

Check Details

Version: 0.1-1
Check: Rd cross-references
Result: NOTE
    Undeclared package ‘vegan’ in Rd xrefs
Flavor: r-devel-linux-x86_64-fedora-clang