CRAN Package Check Results for Package analogue

Last updated on 2020-10-26 19:48:13 CET.

Flavor Version Tinstall Tcheck Ttotal Status Flags
r-devel-linux-x86_64-debian-clang 0.17-5 19.41 165.36 184.77 OK
r-devel-linux-x86_64-debian-gcc 0.17-5 13.48 124.01 137.49 OK
r-devel-linux-x86_64-fedora-clang 0.17-5 225.93 OK
r-devel-linux-x86_64-fedora-gcc 0.17-5 216.25 OK
r-devel-windows-ix86+x86_64 0.17-5 1.00 7.00 8.00 ERROR
r-patched-linux-x86_64 0.17-5 17.58 155.75 173.33 OK
r-patched-solaris-x86 0.17-5 290.60 OK
r-release-linux-x86_64 0.17-5 19.58 154.54 174.12 OK
r-release-macos-x86_64 0.17-5 OK
r-release-windows-ix86+x86_64 0.17-5 26.00 204.00 230.00 OK
r-oldrel-macos-x86_64 0.17-5 OK
r-oldrel-windows-ix86+x86_64 0.17-5 34.00 255.00 289.00 OK

Check Details

Version: 0.17-5
Check: package dependencies
Result: ERROR
    Package required but not available: 'brglm'
    
    See section 'The DESCRIPTION file' in the 'Writing R Extensions'
    manual.
Flavor: r-devel-windows-ix86+x86_64