CRAN Package Check Results for Package ampd

Last updated on 2021-12-01 19:51:28 CET.

Flavor Version Tinstall Tcheck Ttotal Status Flags
r-devel-linux-x86_64-debian-clang 0.2 2.10 19.65 21.75 NOTE
r-devel-linux-x86_64-debian-gcc 0.2 1.22 15.37 16.59 NOTE
r-devel-linux-x86_64-fedora-clang 0.2 37.37 NOTE
r-devel-linux-x86_64-fedora-gcc 0.2 27.32 NOTE
r-devel-windows-x86_64-new-UL 0.2 4.00 47.00 51.00 NOTE
r-devel-windows-x86_64-new-TK 0.2 NOTE
r-devel-windows-x86_64-old 0.2 3.00 26.00 29.00 NOTE
r-patched-linux-x86_64 0.2 1.99 18.62 20.61 NOTE
r-patched-solaris-x86 0.2 42.10 NOTE
r-release-linux-x86_64 0.2 1.92 18.77 20.69 NOTE
r-release-macos-arm64 0.2 NOTE
r-release-macos-x86_64 0.2 NOTE
r-release-windows-ix86+x86_64 0.2 4.00 31.00 35.00 NOTE
r-oldrel-macos-x86_64 0.2 OK
r-oldrel-windows-ix86+x86_64 0.2 3.00 30.00 33.00 OK

Check Details

Version: 0.2
Check: LazyData
Result: NOTE
     'LazyData' is specified without a 'data' directory
Flavors: r-devel-linux-x86_64-debian-clang, r-devel-linux-x86_64-debian-gcc, r-devel-linux-x86_64-fedora-clang, r-devel-linux-x86_64-fedora-gcc, r-devel-windows-x86_64-new-UL, r-devel-windows-x86_64-new-TK, r-devel-windows-x86_64-old, r-patched-linux-x86_64, r-patched-solaris-x86, r-release-linux-x86_64, r-release-macos-arm64, r-release-macos-x86_64, r-release-windows-ix86+x86_64