CRAN Package Check Results for Package aml

Last updated on 2021-09-20 08:50:01 CEST.

Flavor Version Tinstall Tcheck Ttotal Status Flags
r-devel-linux-x86_64-debian-clang 0.1-1 2.41 47.50 49.91 NOTE
r-devel-linux-x86_64-debian-gcc 0.1-1 1.86 37.66 39.52 NOTE
r-devel-linux-x86_64-fedora-clang 0.1-1 68.87 NOTE
r-devel-linux-x86_64-fedora-gcc 0.1-1 58.25 NOTE
r-devel-windows-x86_64 0.1-1 4.00 55.00 59.00 NOTE
r-devel-windows-x86_64-gcc10-UCRT 0.1-1 ERROR
r-patched-linux-x86_64 0.1-1 2.44 46.49 48.93 NOTE
r-patched-solaris-x86 0.1-1 98.80 NOTE
r-release-linux-x86_64 0.1-1 2.15 46.40 48.55 NOTE
r-release-macos-arm64 0.1-1 NOTE
r-release-macos-x86_64 0.1-1 NOTE
r-release-windows-ix86+x86_64 0.1-1 5.00 69.00 74.00 NOTE
r-oldrel-macos-x86_64 0.1-1 NOTE
r-oldrel-windows-ix86+x86_64 0.1-1 5.00 53.00 58.00 NOTE

Check Details

Version: 0.1-1
Check: R code for possible problems
Result: NOTE
    amltest: no visible global function definition for 'var'
    amltest: no visible global function definition for 'optim'
    amltest: no visible global function definition for 'lm'
    cleanclust: no visible global function definition for 'cor'
    cleanclust: no visible global function definition for 'hclust'
    cleanclust: no visible global function definition for 'as.dist'
    cleanclust: no visible global function definition for 'cutree'
    Undefined global functions or variables:
     as.dist cor cutree hclust lm optim var
    Consider adding
     importFrom("stats", "as.dist", "cor", "cutree", "hclust", "lm",
     "optim", "var")
    to your NAMESPACE file.
Flavors: r-devel-linux-x86_64-debian-clang, r-devel-linux-x86_64-debian-gcc, r-devel-linux-x86_64-fedora-clang, r-devel-linux-x86_64-fedora-gcc, r-devel-windows-x86_64, r-devel-windows-x86_64-gcc10-UCRT, r-patched-linux-x86_64, r-patched-solaris-x86, r-release-linux-x86_64, r-release-macos-arm64, r-release-macos-x86_64, r-release-windows-ix86+x86_64, r-oldrel-macos-x86_64, r-oldrel-windows-ix86+x86_64

Version: 0.1-1
Check: whether package can be installed
Result: WARN
    Found the following significant warnings:
     WARNING: installation-time patches will not be applied, could not get the patches index
Flavor: r-devel-windows-x86_64-gcc10-UCRT

Version: 0.1-1
Check: PDF version of manual
Result: WARN
    LaTeX errors when creating PDF version.
    This typically indicates Rd problems.
Flavor: r-devel-windows-x86_64-gcc10-UCRT

Version: 0.1-1
Check: PDF version of manual without hyperrefs or index
Result: ERROR
    Re-running with no redirection of stdout/stderr.
Flavor: r-devel-windows-x86_64-gcc10-UCRT