CRAN Package Check Results for Package amerika

Last updated on 2021-12-05 19:49:15 CET.

Flavor Version Tinstall Tcheck Ttotal Status Flags
r-devel-linux-x86_64-debian-clang 0.1.0 1.80 27.03 28.83 NOTE
r-devel-linux-x86_64-debian-gcc 0.1.0 1.37 21.52 22.89 NOTE
r-devel-linux-x86_64-fedora-clang 0.1.0 36.69 NOTE
r-devel-linux-x86_64-fedora-gcc 0.1.0 25.89 NOTE
r-devel-windows-x86_64-new-UL 0.1.0 5.00 47.00 52.00 NOTE
r-devel-windows-x86_64-new-TK 0.1.0 NOTE
r-devel-windows-x86_64-old 0.1.0 5.00 25.00 30.00 NOTE
r-patched-linux-x86_64 0.1.0 1.80 18.11 19.91 NOTE
r-release-linux-x86_64 0.1.0 1.48 26.01 27.49 NOTE
r-release-macos-arm64 0.1.0 NOTE
r-release-macos-x86_64 0.1.0 NOTE
r-release-windows-ix86+x86_64 0.1.0 5.00 31.00 36.00 NOTE
r-oldrel-macos-x86_64 0.1.0 OK
r-oldrel-windows-ix86+x86_64 0.1.0 5.00 29.00 34.00 OK

Check Details

Version: 0.1.0
Check: LazyData
Result: NOTE
     'LazyData' is specified without a 'data' directory
Flavors: r-devel-linux-x86_64-debian-clang, r-devel-linux-x86_64-debian-gcc, r-devel-linux-x86_64-fedora-clang, r-devel-linux-x86_64-fedora-gcc, r-devel-windows-x86_64-new-UL, r-devel-windows-x86_64-new-TK, r-devel-windows-x86_64-old, r-patched-linux-x86_64, r-release-linux-x86_64, r-release-macos-arm64, r-release-macos-x86_64, r-release-windows-ix86+x86_64