CRAN Package Check Results for Package amelie

Last updated on 2022-08-08 21:52:08 CEST.

Flavor Version Tinstall Tcheck Ttotal Status Flags
r-devel-linux-x86_64-debian-clang 0.2.1 2.43 28.76 31.19 NOTE
r-devel-linux-x86_64-debian-gcc 0.2.1 1.71 22.28 23.99 NOTE
r-devel-linux-x86_64-fedora-clang 0.2.1 48.38 NOTE
r-devel-linux-x86_64-fedora-gcc 0.2.1 46.91 NOTE
r-devel-windows-x86_64 0.2.1 13.00 56.00 69.00 NOTE
r-patched-linux-x86_64 0.2.1 1.81 27.80 29.61 NOTE
r-release-linux-x86_64 0.2.1 NOTE
r-release-macos-arm64 0.2.1 16.00 NOTE
r-release-macos-x86_64 0.2.1 26.00 NOTE
r-release-windows-x86_64 0.2.1 12.00 56.00 68.00 NOTE
r-oldrel-macos-arm64 0.2.1 23.00 NOTE
r-oldrel-macos-x86_64 0.2.1 30.00 NOTE
r-oldrel-windows-ix86+x86_64 0.2.1 7.00 48.00 55.00 NOTE

Check Details

Version: 0.2.1
Check: LazyData
Result: NOTE
     'LazyData' is specified without a 'data' directory
Flavors: r-devel-linux-x86_64-debian-clang, r-devel-linux-x86_64-debian-gcc, r-devel-linux-x86_64-fedora-clang, r-devel-linux-x86_64-fedora-gcc, r-devel-windows-x86_64, r-patched-linux-x86_64, r-release-linux-x86_64, r-release-macos-arm64, r-release-macos-x86_64, r-release-windows-x86_64, r-oldrel-macos-arm64, r-oldrel-macos-x86_64, r-oldrel-windows-ix86+x86_64