CRAN Package Check Results for Package amelie

Last updated on 2024-02-21 19:53:07 CET.

Flavor Version Tinstall Tcheck Ttotal Status Flags
r-devel-linux-x86_64-debian-clang 0.2.1 NOTE
r-devel-linux-x86_64-debian-gcc 0.2.1 1.79 22.14 23.93 NOTE
r-devel-linux-x86_64-fedora-clang 0.2.1 38.44 NOTE
r-devel-linux-x86_64-fedora-gcc 0.2.1 48.98 NOTE
r-devel-windows-x86_64 0.2.1 3.00 45.00 48.00 NOTE
r-patched-linux-x86_64 0.2.1 2.55 27.90 30.45 NOTE
r-release-linux-x86_64 0.2.1 1.73 27.72 29.45 NOTE
r-release-macos-arm64 0.2.1 23.00 NOTE
r-release-macos-x86_64 0.2.1 37.00 NOTE
r-release-windows-x86_64 0.2.1 3.00 45.00 48.00 NOTE
r-oldrel-macos-arm64 0.2.1 20.00 NOTE
r-oldrel-windows-x86_64 0.2.1 4.00 48.00 52.00 NOTE

Check Details

Version: 0.2.1
Check: LazyData
Result: NOTE 'LazyData' is specified without a 'data' directory Flavors: r-devel-linux-x86_64-debian-clang, r-devel-linux-x86_64-debian-gcc, r-devel-linux-x86_64-fedora-clang, r-devel-linux-x86_64-fedora-gcc, r-devel-windows-x86_64, r-patched-linux-x86_64, r-release-linux-x86_64, r-release-macos-arm64, r-release-macos-x86_64, r-release-windows-x86_64, r-oldrel-macos-arm64, r-oldrel-windows-x86_64