CRAN Package Check Results for Package ambiorix

Last updated on 2021-11-30 19:51:16 CET.

Flavor Version Tinstall Tcheck Ttotal Status Flags
r-devel-linux-x86_64-debian-clang 1.0.2 8.58 26.21 34.79 NOTE
r-devel-linux-x86_64-debian-gcc 1.0.2 7.28 21.13 28.41 NOTE
r-devel-linux-x86_64-fedora-clang 1.0.2 57.12 NOTE
r-devel-linux-x86_64-fedora-gcc 1.0.2 46.73 NOTE
r-devel-windows-x86_64-new-UL 1.0.2 16.00 62.00 78.00 NOTE
r-devel-windows-x86_64-new-TK 1.0.2 NOTE
r-devel-windows-x86_64-old 1.0.2 14.00 34.00 48.00 NOTE
r-patched-linux-x86_64 1.0.2 9.41 25.67 35.08 NOTE
r-patched-solaris-x86 1.0.2 63.00 NOTE
r-release-linux-x86_64 1.0.2 6.90 25.30 32.20 NOTE
r-release-macos-arm64 1.0.2 NOTE
r-release-macos-x86_64 1.0.2 NOTE
r-release-windows-ix86+x86_64 1.0.2 14.00 36.00 50.00 NOTE
r-oldrel-macos-x86_64 1.0.2 NOTE
r-oldrel-windows-ix86+x86_64 1.0.2 11.00 32.00 43.00 OK

Check Details

Version: 1.0.2
Check: LazyData
Result: NOTE
     'LazyData' is specified without a 'data' directory
Flavors: r-devel-linux-x86_64-debian-clang, r-devel-linux-x86_64-debian-gcc, r-devel-linux-x86_64-fedora-clang, r-devel-linux-x86_64-fedora-gcc, r-devel-windows-x86_64-new-UL, r-devel-windows-x86_64-new-TK, r-devel-windows-x86_64-old, r-patched-linux-x86_64, r-patched-solaris-x86, r-release-linux-x86_64, r-release-macos-arm64, r-release-macos-x86_64, r-release-windows-ix86+x86_64

Version: 1.0.2
Check: dependencies in R code
Result: NOTE
    Namespaces in Imports field not imported from:
     ‘glue’ ‘promises’ ‘websocket’
     All declared Imports should be used.
Flavors: r-devel-linux-x86_64-fedora-clang, r-devel-linux-x86_64-fedora-gcc, r-devel-windows-x86_64-new-TK, r-patched-solaris-x86, r-release-macos-arm64, r-release-macos-x86_64, r-oldrel-macos-x86_64