CRAN Package Check Results for Package ambient

Last updated on 2021-09-27 20:48:10 CEST.

Flavor Version Tinstall Tcheck Ttotal Status Flags
r-devel-linux-x86_64-debian-clang 1.0.0 59.05 48.83 107.88 NOTE
r-devel-linux-x86_64-debian-gcc 1.0.0 35.03 38.57 73.60 NOTE
r-devel-linux-x86_64-fedora-clang 1.0.0 162.93 NOTE
r-devel-linux-x86_64-fedora-gcc 1.0.0 132.42 NOTE
r-devel-windows-x86_64 1.0.0 58.00 64.00 122.00 NOTE
r-devel-windows-x86_64-gcc10-UCRT 1.0.0 NOTE
r-patched-linux-x86_64 1.0.0 46.21 47.30 93.51 NOTE
r-patched-solaris-x86 1.0.0 151.90 NOTE
r-release-linux-x86_64 1.0.0 44.43 47.49 91.92 NOTE
r-release-macos-arm64 1.0.0 NOTE
r-release-macos-x86_64 1.0.0 NOTE
r-release-windows-ix86+x86_64 1.0.0 140.00 115.00 255.00 NOTE
r-oldrel-macos-x86_64 1.0.0 OK
r-oldrel-windows-ix86+x86_64 1.0.0 111.00 91.00 202.00 OK

Check Details

Version: 1.0.0
Check: LazyData
Result: NOTE
     'LazyData' is specified without a 'data' directory
Flavors: r-devel-linux-x86_64-debian-clang, r-devel-linux-x86_64-debian-gcc, r-devel-linux-x86_64-fedora-clang, r-devel-linux-x86_64-fedora-gcc, r-devel-windows-x86_64, r-devel-windows-x86_64-gcc10-UCRT, r-patched-linux-x86_64, r-patched-solaris-x86, r-release-linux-x86_64, r-release-macos-arm64, r-release-macos-x86_64, r-release-windows-ix86+x86_64