CRAN Package Check Results for Package ambient

Last updated on 2024-03-02 19:50:11 CET.

Flavor Version Tinstall Tcheck Ttotal Status Flags
r-devel-linux-x86_64-debian-clang 1.0.2 24.00 54.20 78.20 NOTE
r-devel-linux-x86_64-debian-gcc 1.0.2 16.41 41.84 58.25 NOTE
r-devel-linux-x86_64-fedora-clang 1.0.2 106.32 NOTE
r-devel-linux-x86_64-fedora-gcc 1.0.2 98.98 NOTE
r-devel-windows-x86_64 1.0.2 21.00 82.00 103.00 NOTE
r-patched-linux-x86_64 1.0.2 20.47 50.80 71.27 NOTE
r-release-linux-x86_64 1.0.2 22.27 52.83 75.10 NOTE
r-release-macos-arm64 1.0.2 39.00 NOTE
r-release-macos-x86_64 1.0.2 58.00 NOTE
r-release-windows-x86_64 1.0.2 21.00 84.00 105.00 NOTE
r-oldrel-macos-arm64 1.0.2 38.00 OK
r-oldrel-windows-x86_64 1.0.2 26.00 87.00 113.00 OK

Check Details

Version: 1.0.2
Check: C++ specification
Result: NOTE Specified C++11: please drop specification unless essential Flavors: r-devel-linux-x86_64-debian-clang, r-devel-linux-x86_64-debian-gcc, r-devel-linux-x86_64-fedora-clang, r-devel-linux-x86_64-fedora-gcc, r-devel-windows-x86_64, r-patched-linux-x86_64, r-release-linux-x86_64, r-release-macos-arm64, r-release-macos-x86_64, r-release-windows-x86_64