CRAN Package Check Results for Package amapGeocode

Last updated on 2021-11-26 19:52:43 CET.

Flavor Version Tinstall Tcheck Ttotal Status Flags
r-devel-linux-x86_64-debian-clang 0.6.0 2.56 28.78 31.34 OK
r-devel-linux-x86_64-debian-gcc 0.6.0 1.95 22.45 24.40 OK
r-devel-linux-x86_64-fedora-clang 0.6.0 48.00 NOTE
r-devel-linux-x86_64-fedora-gcc 0.6.0 37.92 NOTE
r-devel-windows-x86_64-new-UL 0.6.0 9.00 75.00 84.00 OK
r-devel-windows-x86_64-new-TK 0.6.0 NOTE
r-devel-windows-x86_64-old 0.6.0 5.00 37.00 42.00 OK
r-patched-linux-x86_64 0.6.0 2.62 26.58 29.20 OK
r-patched-solaris-x86 0.6.0 56.50 NOTE
r-release-linux-x86_64 0.6.0 OK
r-release-macos-arm64 0.6.0 NOTE
r-release-macos-x86_64 0.6.0 NOTE
r-release-windows-ix86+x86_64 0.6.0 6.00 46.00 52.00 OK
r-oldrel-macos-x86_64 0.6.0 NOTE
r-oldrel-windows-ix86+x86_64 0.6.0 17.00 49.00 66.00 OK

Check Details

Version: 0.6.0
Check: dependencies in R code
Result: NOTE
    Namespace in Imports field not imported from: ‘jsonlite’
     All declared Imports should be used.
Flavors: r-devel-linux-x86_64-fedora-clang, r-devel-linux-x86_64-fedora-gcc, r-devel-windows-x86_64-new-TK, r-patched-solaris-x86, r-release-macos-arm64, r-release-macos-x86_64, r-oldrel-macos-x86_64