CRAN Package Check Results for Package altfuelr

Last updated on 2022-01-26 19:50:25 CET.

Flavor Version Tinstall Tcheck Ttotal Status Flags
r-devel-linux-x86_64-debian-clang 0.1.0 5.77 36.09 41.86 OK
r-devel-linux-x86_64-debian-gcc 0.1.0 4.90 29.11 34.01 OK
r-devel-linux-x86_64-fedora-clang 0.1.0 53.17 NOTE
r-devel-linux-x86_64-fedora-gcc 0.1.0 42.72 NOTE
r-devel-windows-x86_64-new-UL 0.1.0 31.00 57.00 88.00 OK
r-devel-windows-x86_64-new-TK 0.1.0 NOTE
r-patched-linux-x86_64 0.1.0 4.94 34.96 39.90 OK
r-release-linux-x86_64 0.1.0 6.17 34.32 40.49 OK
r-release-macos-arm64 0.1.0 NOTE
r-release-macos-x86_64 0.1.0 NOTE
r-release-windows-ix86+x86_64 0.1.0 11.00 45.00 56.00 OK
r-oldrel-macos-x86_64 0.1.0 NOTE
r-oldrel-windows-ix86+x86_64 0.1.0 12.00 46.00 58.00 OK

Check Details

Version: 0.1.0
Check: data for non-ASCII characters
Result: NOTE
     Note: found 171 marked UTF-8 strings
Flavors: r-devel-linux-x86_64-fedora-clang, r-devel-linux-x86_64-fedora-gcc, r-devel-windows-x86_64-new-TK, r-release-macos-arm64, r-release-macos-x86_64, r-oldrel-macos-x86_64