CRAN Package Check Results for Package altair

Last updated on 2021-12-05 19:49:15 CET.

Flavor Version Tinstall Tcheck Ttotal Status Flags
r-devel-linux-x86_64-debian-clang 4.1.1 6.50 81.50 88.00 NOTE
r-devel-linux-x86_64-debian-gcc 4.1.1 5.15 62.35 67.50 NOTE
r-devel-linux-x86_64-fedora-clang 4.1.1 111.15 NOTE
r-devel-linux-x86_64-fedora-gcc 4.1.1 98.41 NOTE
r-devel-windows-x86_64-new-UL 4.1.1 16.00 113.00 129.00 NOTE
r-devel-windows-x86_64-new-TK 4.1.1 NOTE
r-devel-windows-x86_64-old 4.1.1 11.00 69.00 80.00 NOTE
r-patched-linux-x86_64 4.1.1 8.21 69.53 77.74 NOTE
r-release-linux-x86_64 4.1.1 5.50 77.30 82.80 NOTE
r-release-macos-arm64 4.1.1 NOTE
r-release-macos-x86_64 4.1.1 NOTE
r-release-windows-ix86+x86_64 4.1.1 18.00 96.00 114.00 NOTE
r-oldrel-macos-x86_64 4.1.1 OK
r-oldrel-windows-ix86+x86_64 4.1.1 17.00 96.00 113.00 OK

Check Details

Version: 4.1.1
Check: LazyData
Result: NOTE
     'LazyData' is specified without a 'data' directory
Flavors: r-devel-linux-x86_64-debian-clang, r-devel-linux-x86_64-debian-gcc, r-devel-linux-x86_64-fedora-clang, r-devel-linux-x86_64-fedora-gcc, r-devel-windows-x86_64-new-UL, r-devel-windows-x86_64-new-TK, r-devel-windows-x86_64-old, r-patched-linux-x86_64, r-release-linux-x86_64, r-release-macos-arm64, r-release-macos-x86_64, r-release-windows-ix86+x86_64