Last updated on 2023-03-30 08:53:30 CEST.
Flavor | Version | Tinstall | Tcheck | Ttotal | Status | Flags |
---|---|---|---|---|---|---|
r-devel-linux-x86_64-debian-clang | 1.0.6 | 10.87 | 101.70 | 112.57 | NOTE | |
r-devel-linux-x86_64-debian-gcc | 1.0.6 | 8.33 | 77.68 | 86.01 | NOTE | |
r-devel-linux-x86_64-fedora-clang | 1.0.6 | 142.55 | NOTE | |||
r-devel-linux-x86_64-fedora-gcc | 1.0.6 | 137.44 | NOTE | |||
r-devel-windows-x86_64 | 1.0.6 | 47.00 | 0.00 | 47.00 | NOTE | |
r-patched-linux-x86_64 | 1.0.6 | 11.64 | 96.56 | 108.20 | NOTE | |
r-release-linux-x86_64 | 1.0.6 | 9.99 | 94.88 | 104.87 | OK | |
r-release-macos-arm64 | 1.0.6 | 41.00 | OK | |||
r-release-macos-x86_64 | 1.0.6 | 71.00 | OK | |||
r-release-windows-x86_64 | 1.0.6 | 64.00 | 155.00 | 219.00 | OK | |
r-oldrel-macos-arm64 | 1.0.6 | 53.00 | OK | |||
r-oldrel-macos-x86_64 | 1.0.6 | 62.00 | OK | |||
r-oldrel-windows-ix86+x86_64 | 1.0.6 | 29.00 | 133.00 | 162.00 | OK |
Version: 1.0.6
Check: Rd files
Result: NOTE
checkRd: (-1) UN1.Rd:16: Escaped LaTeX specials: \$
checkRd: (-1) rateprof.Rd:64: Escaped LaTeX specials: \&
Flavors: r-devel-linux-x86_64-debian-clang, r-devel-linux-x86_64-debian-gcc, r-devel-linux-x86_64-fedora-clang, r-devel-linux-x86_64-fedora-gcc, r-devel-windows-x86_64, r-patched-linux-x86_64