CRAN Package Check Results for Package alphastable

Last updated on 2022-05-22 09:52:10 CEST.

Flavor Version Tinstall Tcheck Ttotal Status Flags
r-devel-linux-x86_64-debian-clang 0.2.1 5.18 48.79 53.97 NOTE
r-devel-linux-x86_64-debian-gcc 0.2.1 5.45 37.09 42.54 NOTE
r-devel-linux-x86_64-fedora-clang 0.2.1 67.43 NOTE
r-devel-linux-x86_64-fedora-gcc 0.2.1 67.68 NOTE
r-devel-windows-x86_64 0.2.1 37.00 65.00 102.00 NOTE
r-patched-linux-x86_64 0.2.1 5.23 46.96 52.19 NOTE
r-release-linux-x86_64 0.2.1 5.38 46.44 51.82 NOTE
r-release-macos-arm64 0.2.1 21.00 NOTE
r-release-macos-x86_64 0.2.1 31.00 NOTE
r-release-windows-x86_64 0.2.1 19.00 62.00 81.00 NOTE
r-oldrel-macos-arm64 0.2.1 26.00 NOTE
r-oldrel-macos-x86_64 0.2.1 36.00 NOTE
r-oldrel-windows-ix86+x86_64 0.2.1 11.00 243.00 254.00 NOTE

Check Details

Version: 0.2.1
Check: LazyData
Result: NOTE
     'LazyData' is specified without a 'data' directory
Flavors: r-devel-linux-x86_64-debian-clang, r-devel-linux-x86_64-debian-gcc, r-devel-linux-x86_64-fedora-clang, r-devel-linux-x86_64-fedora-gcc, r-devel-windows-x86_64, r-patched-linux-x86_64, r-release-linux-x86_64, r-release-macos-arm64, r-release-macos-x86_64, r-release-windows-x86_64, r-oldrel-macos-arm64, r-oldrel-macos-x86_64, r-oldrel-windows-ix86+x86_64