CRAN Package Check Results for Package alphastable

Last updated on 2024-02-24 19:50:32 CET.

Flavor Version Tinstall Tcheck Ttotal Status Flags
r-devel-linux-x86_64-debian-clang 0.2.1 7.37 37.38 44.75 NOTE
r-devel-linux-x86_64-debian-gcc 0.2.1 4.61 28.99 33.60 NOTE
r-devel-linux-x86_64-fedora-clang 0.2.1 58.58 NOTE
r-devel-linux-x86_64-fedora-gcc 0.2.1 55.69 NOTE
r-devel-windows-x86_64 0.2.1 6.00 50.00 56.00 NOTE
r-patched-linux-x86_64 0.2.1 6.40 36.96 43.36 NOTE
r-release-linux-x86_64 0.2.1 6.65 37.24 43.89 NOTE
r-release-macos-arm64 0.2.1 21.00 NOTE
r-release-macos-x86_64 0.2.1 29.00 NOTE
r-release-windows-x86_64 0.2.1 8.00 53.00 61.00 NOTE
r-oldrel-macos-arm64 0.2.1 22.00 NOTE
r-oldrel-windows-x86_64 0.2.1 8.00 56.00 64.00 NOTE

Check Details

Version: 0.2.1
Check: LazyData
Result: NOTE 'LazyData' is specified without a 'data' directory Flavors: r-devel-linux-x86_64-debian-clang, r-devel-linux-x86_64-debian-gcc, r-devel-linux-x86_64-fedora-clang, r-devel-linux-x86_64-fedora-gcc, r-devel-windows-x86_64, r-patched-linux-x86_64, r-release-linux-x86_64, r-release-macos-arm64, r-release-macos-x86_64, r-release-windows-x86_64, r-oldrel-macos-arm64, r-oldrel-windows-x86_64

Version: 0.2.1
Check: package dependencies
Result: NOTE Packages suggested but not available for checking: 'fBasics', 'Rmpfr' Flavor: r-release-macos-x86_64