CRAN Package Check Results for Package alphashape3d

Last updated on 2020-01-17 09:51:18 CET.

Flavor Version Tinstall Tcheck Ttotal Status Flags
r-devel-linux-x86_64-debian-clang 1.3 6.93 46.73 53.66 OK
r-devel-linux-x86_64-debian-gcc 1.3 5.46 36.27 41.73 OK
r-devel-linux-x86_64-fedora-clang 1.3 65.81 OK
r-devel-linux-x86_64-fedora-gcc 1.3 63.14 OK
r-devel-windows-ix86+x86_64 1.3 35.00 85.00 120.00 OK
r-devel-windows-ix86+x86_64-gcc8 1.3 21.00 101.00 122.00 OK
r-patched-linux-x86_64 1.3 5.16 44.20 49.36 OK
r-patched-solaris-x86 1.3 87.00 OK
r-release-linux-x86_64 1.3 5.40 43.69 49.09 OK
r-release-windows-ix86+x86_64 1.3 26.00 116.00 142.00 OK
r-release-osx-x86_64 1.3 WARN
r-oldrel-windows-ix86+x86_64 1.3 23.00 86.00 109.00 OK
r-oldrel-osx-x86_64 1.3 OK

Check Details

Version: 1.3
Check: whether package can be installed
Result: WARN
    Found the following significant warnings:
     Warning: 'rgl_init' failed, running with rgl.useNULL = TRUE
Flavor: r-release-osx-x86_64