CRAN Package Check Results for Package alphashape3d

Last updated on 2020-08-04 21:48:04 CEST.

Flavor Version Tinstall Tcheck Ttotal Status Flags
r-devel-linux-x86_64-debian-clang 1.3 7.47 51.85 59.32 OK
r-devel-linux-x86_64-debian-gcc 1.3 5.18 39.33 44.51 OK
r-devel-linux-x86_64-fedora-clang 1.3 78.36 OK
r-devel-linux-x86_64-fedora-gcc 1.3 69.99 OK
r-devel-windows-ix86+x86_64 1.3 26.00 85.00 111.00 OK
r-patched-linux-x86_64 1.3 6.77 50.93 57.70 OK
r-patched-solaris-x86 1.3 95.40 OK
r-release-linux-x86_64 1.3 6.93 52.08 59.01 OK
r-release-macos-x86_64 1.3 OK
r-release-windows-ix86+x86_64 1.3 30.00 127.00 157.00 OK
r-oldrel-macos-x86_64 1.3 WARN
r-oldrel-windows-ix86+x86_64 1.3 17.00 112.00 129.00 OK

Check Details

Version: 1.3
Check: whether package can be installed
Result: WARN
    Found the following significant warnings:
     Warning: 'rgl_init' failed, running with rgl.useNULL = TRUE
Flavor: r-oldrel-macos-x86_64