Last updated on 2023-03-30 20:49:04 CEST.
Flavor | Version | Tinstall | Tcheck | Ttotal | Status | Flags |
---|---|---|---|---|---|---|
r-devel-linux-x86_64-debian-clang | 0.3.4 | 61.46 | 47.55 | 109.01 | NOTE | |
r-devel-linux-x86_64-debian-gcc | 0.3.4 | 48.39 | 35.57 | 83.96 | NOTE | |
r-devel-linux-x86_64-fedora-clang | 0.3.4 | 158.51 | NOTE | |||
r-devel-linux-x86_64-fedora-gcc | 0.3.4 | 148.42 | NOTE | |||
r-devel-windows-x86_64 | 0.3.4 | 55.00 | 97.00 | 152.00 | NOTE | |
r-patched-linux-x86_64 | 0.3.4 | 46.64 | 44.64 | 91.28 | NOTE | |
r-release-linux-x86_64 | 0.3.4 | 48.88 | 46.28 | 95.16 | OK | |
r-release-macos-arm64 | 0.3.4 | 39.00 | OK | |||
r-release-macos-x86_64 | 0.3.4 | 53.00 | OK | |||
r-release-windows-x86_64 | 0.3.4 | 58.00 | 107.00 | 165.00 | OK | |
r-oldrel-macos-arm64 | 0.3.4 | 53.00 | OK | |||
r-oldrel-macos-x86_64 | 0.3.4 | 54.00 | OK | |||
r-oldrel-windows-ix86+x86_64 | 0.3.4 | 144.00 | 97.00 | 241.00 | OK |
Version: 0.3.4
Check: C++ specification
Result: NOTE
Specified C++11: please drop specification unless essential
Flavors: r-devel-linux-x86_64-debian-clang, r-devel-linux-x86_64-debian-gcc, r-devel-linux-x86_64-fedora-clang, r-devel-linux-x86_64-fedora-gcc, r-devel-windows-x86_64, r-patched-linux-x86_64