CRAN Package Check Results for Package alookr

Last updated on 2021-11-30 07:49:44 CET.

Flavor Version Tinstall Tcheck Ttotal Status Flags
r-devel-linux-x86_64-debian-clang 0.3.4 14.97 210.50 225.47 NOTE
r-devel-linux-x86_64-debian-gcc 0.3.4 11.38 158.93 170.31 NOTE
r-devel-linux-x86_64-fedora-clang 0.3.4 281.40 NOTE
r-devel-linux-x86_64-fedora-gcc 0.3.4 251.20 NOTE
r-devel-windows-x86_64-new-UL 0.3.4 30.00 265.00 295.00 NOTE
r-devel-windows-x86_64-new-TK 0.3.4 NOTE
r-devel-windows-x86_64-old 0.3.4 24.00 183.00 207.00 NOTE
r-patched-linux-x86_64 0.3.4 22.23 203.52 225.75 NOTE
r-patched-solaris-x86 0.3.4 287.40 NOTE
r-release-linux-x86_64 0.3.4 15.38 206.33 221.71 NOTE
r-release-macos-arm64 0.3.4 NOTE
r-release-macos-x86_64 0.3.4 NOTE
r-release-windows-ix86+x86_64 0.3.4 40.00 251.00 291.00 NOTE
r-oldrel-macos-x86_64 0.3.4 OK
r-oldrel-windows-ix86+x86_64 0.3.4 30.00 203.00 233.00 OK

Check Details

Version: 0.3.4
Check: LazyData
Result: NOTE
     'LazyData' is specified without a 'data' directory
Flavors: r-devel-linux-x86_64-debian-clang, r-devel-linux-x86_64-debian-gcc, r-devel-linux-x86_64-fedora-clang, r-devel-linux-x86_64-fedora-gcc, r-devel-windows-x86_64-new-UL, r-devel-windows-x86_64-new-TK, r-devel-windows-x86_64-old, r-patched-linux-x86_64, r-patched-solaris-x86, r-release-linux-x86_64, r-release-macos-arm64, r-release-macos-x86_64, r-release-windows-ix86+x86_64