CRAN Package Check Results for Package almanac

Last updated on 2021-12-03 19:50:03 CET.

Flavor Version Tinstall Tcheck Ttotal Status Flags
r-devel-linux-x86_64-debian-clang 0.1.1 11.65 144.55 156.20 NOTE
r-devel-linux-x86_64-debian-gcc 0.1.1 7.14 103.33 110.47 NOTE
r-devel-linux-x86_64-fedora-clang 0.1.1 211.41 NOTE
r-devel-linux-x86_64-fedora-gcc 0.1.1 191.38 NOTE
r-devel-windows-x86_64-new-UL 0.1.1 34.00 186.00 220.00 NOTE
r-devel-windows-x86_64-new-TK 0.1.1 NOTE
r-devel-windows-x86_64-old 0.1.1 19.00 134.00 153.00 NOTE
r-patched-linux-x86_64 0.1.1 10.60 145.04 155.64 NOTE
r-release-linux-x86_64 0.1.1 9.78 144.39 154.17 NOTE
r-release-macos-arm64 0.1.1 NOTE
r-release-macos-x86_64 0.1.1 NOTE
r-release-windows-ix86+x86_64 0.1.1 31.00 310.00 341.00 NOTE
r-oldrel-macos-x86_64 0.1.1 OK
r-oldrel-windows-ix86+x86_64 0.1.1 31.00 308.00 339.00 OK

Check Details

Version: 0.1.1
Check: LazyData
Result: NOTE
     'LazyData' is specified without a 'data' directory
Flavors: r-devel-linux-x86_64-debian-clang, r-devel-linux-x86_64-debian-gcc, r-devel-linux-x86_64-fedora-clang, r-devel-linux-x86_64-fedora-gcc, r-devel-windows-x86_64-new-UL, r-devel-windows-x86_64-new-TK, r-devel-windows-x86_64-old, r-patched-linux-x86_64, r-release-linux-x86_64, r-release-macos-arm64, r-release-macos-x86_64, r-release-windows-ix86+x86_64