Last updated on 2022-05-22 09:52:10 CEST.
Flavor | Version | Tinstall | Tcheck | Ttotal | Status | Flags |
---|---|---|---|---|---|---|
r-devel-linux-x86_64-debian-clang | 0.2.0 | 6.29 | 67.92 | 74.21 | OK | |
r-devel-linux-x86_64-debian-gcc | 0.2.0 | 5.05 | 49.90 | 54.95 | OK | |
r-devel-linux-x86_64-fedora-clang | 0.2.0 | 96.62 | NOTE | |||
r-devel-linux-x86_64-fedora-gcc | 0.2.0 | 84.58 | NOTE | |||
r-devel-windows-x86_64 | 0.2.0 | 14.00 | 80.00 | 94.00 | OK | |
r-patched-linux-x86_64 | 0.2.0 | 5.06 | 62.87 | 67.93 | OK | |
r-release-linux-x86_64 | 0.2.0 | 5.67 | 62.63 | 68.30 | OK | |
r-release-macos-arm64 | 0.2.0 | 24.00 | NOTE | |||
r-release-macos-x86_64 | 0.2.0 | 54.00 | NOTE | |||
r-release-windows-x86_64 | 0.2.0 | 11.00 | 81.00 | 92.00 | OK | |
r-oldrel-macos-arm64 | 0.2.0 | 29.00 | NOTE | |||
r-oldrel-macos-x86_64 | 0.2.0 | 35.00 | NOTE | |||
r-oldrel-windows-ix86+x86_64 | 0.2.0 | 16.00 | 74.00 | 90.00 | OK |
Version: 0.2.0
Check: dependencies in R code
Result: NOTE
Namespace in Imports field not imported from: ‘curl’
All declared Imports should be used.
Flavors: r-devel-linux-x86_64-fedora-clang, r-devel-linux-x86_64-fedora-gcc, r-release-macos-arm64, r-release-macos-x86_64, r-oldrel-macos-arm64, r-oldrel-macos-x86_64