CRAN Package Check Results for Package alfred

Last updated on 2021-11-29 20:50:35 CET.

Flavor Version Tinstall Tcheck Ttotal Status Flags
r-devel-linux-x86_64-debian-clang 0.2.0 5.31 49.82 55.13 OK
r-devel-linux-x86_64-debian-gcc 0.2.0 4.32 37.42 41.74 OK
r-devel-linux-x86_64-fedora-clang 0.2.0 76.49 NOTE
r-devel-linux-x86_64-fedora-gcc 0.2.0 63.86 NOTE
r-devel-windows-x86_64-new-UL 0.2.0 11.00 83.00 94.00 OK
r-devel-windows-x86_64-new-TK 0.2.0 NOTE
r-devel-windows-x86_64-old 0.2.0 9.00 53.00 62.00 OK
r-patched-linux-x86_64 0.2.0 5.29 45.46 50.75 OK
r-patched-solaris-x86 0.2.0 89.10 NOTE
r-release-linux-x86_64 0.2.0 5.66 45.69 51.35 OK
r-release-macos-arm64 0.2.0 NOTE
r-release-macos-x86_64 0.2.0 NOTE
r-release-windows-ix86+x86_64 0.2.0 14.00 63.00 77.00 OK
r-oldrel-macos-x86_64 0.2.0 NOTE
r-oldrel-windows-ix86+x86_64 0.2.0 10.00 47.00 57.00 OK

Check Details

Version: 0.2.0
Check: dependencies in R code
Result: NOTE
    Namespace in Imports field not imported from: ‘curl’
     All declared Imports should be used.
Flavors: r-devel-linux-x86_64-fedora-clang, r-devel-linux-x86_64-fedora-gcc, r-devel-windows-x86_64-new-TK, r-patched-solaris-x86, r-release-macos-arm64, r-release-macos-x86_64, r-oldrel-macos-x86_64