CRAN Package Check Results for Package alfr

Last updated on 2021-11-29 07:51:02 CET.

Flavor Version Tinstall Tcheck Ttotal Status Flags
r-devel-linux-x86_64-debian-clang 1.2.1 NOTE
r-devel-linux-x86_64-debian-gcc 1.2.1 1.52 24.26 25.78 NOTE
r-devel-linux-x86_64-fedora-clang 1.2.1 51.35 NOTE
r-devel-linux-x86_64-fedora-gcc 1.2.1 40.53 NOTE
r-devel-windows-x86_64-new-UL 1.2.1 8.00 88.00 96.00 NOTE
r-devel-windows-x86_64-new-TK 1.2.1 NOTE
r-devel-windows-x86_64-old 1.2.1 5.00 52.00 57.00 NOTE
r-patched-linux-x86_64 1.2.1 2.43 28.91 31.34 NOTE
r-patched-solaris-x86 1.2.1 62.90 NOTE
r-release-linux-x86_64 1.2.1 2.34 29.11 31.45 NOTE
r-release-macos-arm64 1.2.1 NOTE
r-release-macos-x86_64 1.2.1 NOTE
r-release-windows-ix86+x86_64 1.2.1 6.00 59.00 65.00 NOTE
r-oldrel-macos-x86_64 1.2.1 OK
r-oldrel-windows-ix86+x86_64 1.2.1 5.00 64.00 69.00 OK

Check Details

Version: 1.2.1
Check: LazyData
Result: NOTE
     'LazyData' is specified without a 'data' directory
Flavors: r-devel-linux-x86_64-debian-clang, r-devel-linux-x86_64-debian-gcc, r-devel-linux-x86_64-fedora-clang, r-devel-linux-x86_64-fedora-gcc, r-devel-windows-x86_64-new-UL, r-devel-windows-x86_64-new-TK, r-devel-windows-x86_64-old, r-patched-linux-x86_64, r-patched-solaris-x86, r-release-linux-x86_64, r-release-macos-arm64, r-release-macos-x86_64, r-release-windows-ix86+x86_64