CRAN Package Check Results for Package albatross

Last updated on 2021-09-23 08:50:46 CEST.

Flavor Version Tinstall Tcheck Ttotal Status Flags
r-devel-linux-x86_64-debian-clang 0.3-2 9.53 172.82 182.35 OK
r-devel-linux-x86_64-debian-gcc 0.3-2 7.12 125.86 132.98 OK
r-devel-linux-x86_64-fedora-clang 0.3-2 216.61 OK
r-devel-linux-x86_64-fedora-gcc 0.3-2 203.44 OK
r-devel-windows-x86_64 0.3-2 9.00 166.00 175.00 OK
r-devel-windows-x86_64-gcc10-UCRT 0.3-2 ERROR
r-patched-linux-x86_64 0.3-2 12.30 160.69 172.99 OK
r-patched-solaris-x86 0.3-2 296.20 OK
r-release-linux-x86_64 0.3-2 8.55 159.43 167.98 OK
r-release-macos-arm64 0.3-2 OK
r-release-macos-x86_64 0.3-2 OK
r-release-windows-ix86+x86_64 0.3-2 19.00 202.00 221.00 OK
r-oldrel-macos-x86_64 0.3-2 OK
r-oldrel-windows-ix86+x86_64 0.3-2 14.00 158.00 172.00 OK

Check Details

Version: 0.3-2
Check: package dependencies
Result: NOTE
    Package which this enhances but not available for checking: 'eemR'
Flavor: r-devel-windows-x86_64-gcc10-UCRT

Version: 0.3-2
Check: PDF version of manual
Result: WARN
    LaTeX errors when creating PDF version.
    This typically indicates Rd problems.
Flavor: r-devel-windows-x86_64-gcc10-UCRT

Version: 0.3-2
Check: PDF version of manual without hyperrefs or index
Result: ERROR
    Re-running with no redirection of stdout/stderr.
Flavor: r-devel-windows-x86_64-gcc10-UCRT