CRAN Package Check Results for Package alabama

Last updated on 2022-01-24 07:49:40 CET.

Flavor Version Tinstall Tcheck Ttotal Status Flags
r-devel-linux-x86_64-debian-clang 2015.3-1 2.77 34.44 37.21 NOTE
r-devel-linux-x86_64-debian-gcc 2015.3-1 2.10 26.20 28.30 NOTE
r-devel-linux-x86_64-fedora-clang 2015.3-1 46.63 NOTE
r-devel-linux-x86_64-fedora-gcc 2015.3-1 34.94 NOTE
r-devel-windows-x86_64-new-UL 2015.3-1 17.00 51.00 68.00 NOTE
r-devel-windows-x86_64-new-TK 2015.3-1 NOTE
r-patched-linux-x86_64 2015.3-1 2.70 33.34 36.04 NOTE
r-release-linux-x86_64 2015.3-1 2.22 33.17 35.39 NOTE
r-release-macos-arm64 2015.3-1 NOTE
r-release-macos-x86_64 2015.3-1 NOTE
r-release-windows-ix86+x86_64 2015.3-1 6.00 42.00 48.00 NOTE
r-oldrel-macos-x86_64 2015.3-1 NOTE
r-oldrel-windows-ix86+x86_64 2015.3-1 5.00 40.00 45.00 NOTE

Check Details

Version: 2015.3-1
Check: R code for possible problems
Result: NOTE
    adpbar: no visible global function definition for 'optim'
    alabama: no visible global function definition for 'optim'
    auglag: no visible global function definition for 'modifyList'
    auglag1: no visible global function definition for 'optim'
    auglag1: no visible global function definition for 'nlminb'
    auglag2: no visible global function definition for 'optim'
    auglag2: no visible global function definition for 'nlminb'
    auglag3: no visible global function definition for 'optim'
    auglag3: no visible global function definition for 'nlminb'
    augpen: no visible global function definition for 'optim'
    constrOptim.nl: no visible global function definition for 'modifyList'
    Undefined global functions or variables:
     modifyList nlminb optim
    Consider adding
     importFrom("stats", "nlminb", "optim")
     importFrom("utils", "modifyList")
    to your NAMESPACE file.
Flavors: r-devel-linux-x86_64-debian-clang, r-devel-linux-x86_64-debian-gcc, r-devel-linux-x86_64-fedora-clang, r-devel-linux-x86_64-fedora-gcc, r-devel-windows-x86_64-new-UL, r-devel-windows-x86_64-new-TK, r-patched-linux-x86_64, r-release-linux-x86_64, r-release-macos-arm64, r-release-macos-x86_64, r-release-windows-ix86+x86_64, r-oldrel-macos-x86_64, r-oldrel-windows-ix86+x86_64