CRAN Package Check Results for Package akc

Last updated on 2022-01-18 20:50:29 CET.

Flavor Version Tinstall Tcheck Ttotal Status Flags
r-devel-linux-x86_64-debian-clang 0.9.6 14.49 197.35 211.84 OK
r-devel-linux-x86_64-debian-gcc 0.9.6 12.54 150.39 162.93 OK
r-devel-linux-x86_64-fedora-clang 0.9.6 242.93 NOTE
r-devel-linux-x86_64-fedora-gcc 0.9.6 223.08 OK
r-devel-windows-x86_64-new-UL 0.9.6 36.00 224.00 260.00 OK
r-devel-windows-x86_64-new-TK 0.9.6 OK
r-patched-linux-x86_64 0.9.6 21.24 185.32 206.56 OK
r-release-linux-x86_64 0.9.6 OK
r-release-macos-arm64 0.9.6 OK
r-release-macos-x86_64 0.9.6 OK
r-release-windows-ix86+x86_64 0.9.6 35.00 206.00 241.00 OK
r-oldrel-macos-x86_64 0.9.5 OK
r-oldrel-windows-ix86+x86_64 0.9.6 35.00 208.00 243.00 OK

Check Details

Version: 0.9.6
Check: Rd cross-references
Result: NOTE
    Undeclared package ‘SnowballC’ in Rd xrefs
Flavor: r-devel-linux-x86_64-fedora-clang