CRAN Package Check Results for Package airr

Last updated on 2021-12-04 07:50:13 CET.

Flavor Version Tinstall Tcheck Ttotal Status Flags
r-devel-linux-x86_64-debian-clang 1.3.0 3.78 56.52 60.30 NOTE
r-devel-linux-x86_64-debian-gcc 1.3.0 2.60 43.82 46.42 NOTE
r-devel-linux-x86_64-fedora-clang 1.3.0 70.51 NOTE
r-devel-linux-x86_64-fedora-gcc 1.3.0 60.91 NOTE
r-devel-windows-x86_64-new-UL 1.3.0 11.00 134.00 145.00 NOTE
r-devel-windows-x86_64-new-TK 1.3.0 NOTE
r-devel-windows-x86_64-old 1.3.0 10.00 55.00 65.00 NOTE
r-patched-linux-x86_64 1.3.0 4.23 45.96 50.19 NOTE
r-release-linux-x86_64 1.3.0 3.85 45.49 49.34 NOTE
r-release-macos-arm64 1.3.0 NOTE
r-release-macos-x86_64 1.3.0 NOTE
r-release-windows-ix86+x86_64 1.3.0 10.00 73.00 83.00 NOTE
r-oldrel-macos-x86_64 1.3.0 OK
r-oldrel-windows-ix86+x86_64 1.3.0 10.00 80.00 90.00 OK

Check Details

Version: 1.3.0
Check: LazyData
Result: NOTE
     'LazyData' is specified without a 'data' directory
Flavors: r-devel-linux-x86_64-debian-clang, r-devel-linux-x86_64-debian-gcc, r-devel-linux-x86_64-fedora-clang, r-devel-linux-x86_64-fedora-gcc, r-devel-windows-x86_64-new-UL, r-devel-windows-x86_64-new-TK, r-devel-windows-x86_64-old, r-patched-linux-x86_64, r-release-linux-x86_64, r-release-macos-arm64, r-release-macos-x86_64, r-release-windows-ix86+x86_64