CRAN Package Check Results for Package airportr

Last updated on 2021-11-30 19:51:16 CET.

Flavor Version Tinstall Tcheck Ttotal Status Flags
r-devel-linux-x86_64-debian-clang 0.1.3 4.25 49.19 53.44 OK
r-devel-linux-x86_64-debian-gcc 0.1.3 3.38 36.59 39.97 OK
r-devel-linux-x86_64-fedora-clang 0.1.3 75.03 NOTE
r-devel-linux-x86_64-fedora-gcc 0.1.3 63.40 NOTE
r-devel-windows-x86_64-new-UL 0.1.3 12.00 86.00 98.00 OK
r-devel-windows-x86_64-new-TK 0.1.3 NOTE
r-devel-windows-x86_64-old 0.1.3 10.00 53.00 63.00 OK
r-patched-linux-x86_64 0.1.3 4.25 44.86 49.11 OK
r-patched-solaris-x86 0.1.3 92.20 NOTE
r-release-linux-x86_64 0.1.3 3.72 45.03 48.75 OK
r-release-macos-arm64 0.1.3 NOTE
r-release-macos-x86_64 0.1.3 NOTE
r-release-windows-ix86+x86_64 0.1.3 12.00 65.00 77.00 OK
r-oldrel-macos-x86_64 0.1.3 NOTE
r-oldrel-windows-ix86+x86_64 0.1.3 9.00 61.00 70.00 OK

Check Details

Version: 0.1.3
Check: data for non-ASCII characters
Result: NOTE
     Note: found 710 marked UTF-8 strings
Flavors: r-devel-linux-x86_64-fedora-clang, r-devel-linux-x86_64-fedora-gcc, r-devel-windows-x86_64-new-TK, r-patched-solaris-x86, r-release-macos-arm64, r-release-macos-x86_64, r-oldrel-macos-x86_64