CRAN Package Check Results for Package aire.zmvm

Last updated on 2019-08-23 10:48:07 CEST.

Flavor Version Tinstall Tcheck Ttotal Status Flags
r-devel-linux-x86_64-debian-clang 0.8.2 6.52 55.21 61.73 OK
r-devel-linux-x86_64-debian-gcc 0.8.2 6.37 41.88 48.25 OK
r-devel-linux-x86_64-fedora-clang 0.8.2 75.35 NOTE
r-devel-linux-x86_64-fedora-gcc 0.8.2 75.33 NOTE
r-devel-windows-ix86+x86_64 0.8.2 16.00 63.00 79.00 OK
r-patched-linux-x86_64 0.8.2 7.52 52.58 60.10 OK
r-patched-solaris-x86 0.8.2 110.20 NOTE
r-release-linux-x86_64 0.8.2 5.70 52.06 57.76 OK
r-release-windows-ix86+x86_64 0.8.2 26.00 95.00 121.00 OK
r-release-osx-x86_64 0.8.2 NOTE
r-oldrel-windows-ix86+x86_64 0.8.2 19.00 107.00 126.00 OK
r-oldrel-osx-x86_64 0.8.2 NOTE

Check Details

Version: 0.8.2
Check: data for non-ASCII characters
Result: NOTE
     Note: found 53 marked UTF-8 strings
Flavors: r-devel-linux-x86_64-fedora-clang, r-devel-linux-x86_64-fedora-gcc, r-patched-solaris-x86, r-release-osx-x86_64, r-oldrel-osx-x86_64

Version: 0.8.2
Check: package dependencies
Result: NOTE
    Package suggested but not available for checking: ‘ggseas’
Flavor: r-release-osx-x86_64