CRAN Package Check Results for Package aire.zmvm

Last updated on 2021-12-05 07:49:02 CET.

Flavor Version Tinstall Tcheck Ttotal Status Flags
r-devel-linux-x86_64-debian-clang 0.8.2 9.54 82.10 91.64 OK
r-devel-linux-x86_64-debian-gcc 0.8.2 7.03 62.87 69.90 OK
r-devel-linux-x86_64-fedora-clang 0.8.2 111.02 NOTE
r-devel-linux-x86_64-fedora-gcc 0.8.2 96.98 NOTE
r-devel-windows-x86_64-new-UL 0.8.2 19.00 118.00 137.00 OK
r-devel-windows-x86_64-new-TK 0.8.2 NOTE
r-devel-windows-x86_64-old 0.8.2 15.00 72.00 87.00 OK
r-patched-linux-x86_64 0.8.2 8.96 68.84 77.80 OK
r-release-linux-x86_64 0.8.2 8.44 76.84 85.28 OK
r-release-macos-arm64 0.8.2 NOTE
r-release-macos-x86_64 0.8.2 NOTE
r-release-windows-ix86+x86_64 0.8.2 20.00 96.00 116.00 OK
r-oldrel-macos-x86_64 0.8.2 NOTE
r-oldrel-windows-ix86+x86_64 0.8.2 20.00 102.00 122.00 OK

Check Details

Version: 0.8.2
Check: data for non-ASCII characters
Result: NOTE
     Note: found 53 marked UTF-8 strings
Flavors: r-devel-linux-x86_64-fedora-clang, r-devel-linux-x86_64-fedora-gcc, r-devel-windows-x86_64-new-TK, r-release-macos-arm64, r-release-macos-x86_64, r-oldrel-macos-x86_64