CRAN Package Check Results for Package ahptopsis2n

Last updated on 2021-12-02 08:51:02 CET.

Flavor Version Tinstall Tcheck Ttotal Status Flags
r-devel-linux-x86_64-debian-clang 0.2.0 1.70 21.11 22.81 NOTE
r-devel-linux-x86_64-debian-gcc 0.2.0 1.38 16.89 18.27 NOTE
r-devel-linux-x86_64-fedora-clang 0.2.0 40.17 NOTE
r-devel-linux-x86_64-fedora-gcc 0.2.0 28.95 NOTE
r-devel-windows-x86_64-new-UL 0.2.0 6.00 58.00 64.00 NOTE
r-devel-windows-x86_64-new-TK 0.2.0 NOTE
r-devel-windows-x86_64-old 0.2.0 4.00 30.00 34.00 NOTE
r-patched-linux-x86_64 0.2.0 1.67 19.83 21.50 NOTE
r-patched-solaris-x86 0.2.0 44.50 NOTE
r-release-linux-x86_64 0.2.0 1.69 20.06 21.75 NOTE
r-release-macos-arm64 0.2.0 NOTE
r-release-macos-x86_64 0.2.0 NOTE
r-release-windows-ix86+x86_64 0.2.0 5.00 40.00 45.00 NOTE
r-oldrel-macos-x86_64 0.2.0 OK
r-oldrel-windows-ix86+x86_64 0.2.0 5.00 40.00 45.00 OK

Check Details

Version: 0.2.0
Check: LazyData
Result: NOTE
     'LazyData' is specified without a 'data' directory
Flavors: r-devel-linux-x86_64-debian-clang, r-devel-linux-x86_64-debian-gcc, r-devel-linux-x86_64-fedora-clang, r-devel-linux-x86_64-fedora-gcc, r-devel-windows-x86_64-new-UL, r-devel-windows-x86_64-new-TK, r-devel-windows-x86_64-old, r-patched-linux-x86_64, r-patched-solaris-x86, r-release-linux-x86_64, r-release-macos-arm64, r-release-macos-x86_64, r-release-windows-ix86+x86_64