CRAN Package Check Results for Package ahMLE

Last updated on 2024-02-27 19:54:31 CET.

Flavor Version Tinstall Tcheck Ttotal Status Flags
r-devel-linux-x86_64-debian-clang 1.20.1 40.42 80.80 121.22 NOTE
r-devel-linux-x86_64-debian-gcc 1.20.1 29.39 60.05 89.44 NOTE
r-devel-linux-x86_64-fedora-clang 1.20.1 155.75 NOTE
r-devel-linux-x86_64-fedora-gcc 1.20.1 163.50 NOTE
r-devel-windows-x86_64 1.20.1 31.00 95.00 126.00 NOTE
r-patched-linux-x86_64 1.20.1 37.84 77.07 114.91 NOTE
r-release-linux-x86_64 1.20.1 28.90 76.33 105.23 NOTE
r-release-macos-arm64 1.20.1 44.00 NOTE
r-release-macos-x86_64 1.20.1 69.00 NOTE
r-release-windows-x86_64 1.20.1 42.00 109.00 151.00 NOTE
r-oldrel-macos-arm64 1.20.1 37.00 OK
r-oldrel-windows-x86_64 1.20.1 44.00 107.00 151.00 OK

Check Details

Version: 1.20.1
Check: C++ specification
Result: NOTE Specified C++11: please drop specification unless essential Flavors: r-devel-linux-x86_64-debian-clang, r-devel-linux-x86_64-debian-gcc, r-devel-linux-x86_64-fedora-clang, r-devel-linux-x86_64-fedora-gcc, r-devel-windows-x86_64, r-patched-linux-x86_64, r-release-linux-x86_64, r-release-macos-arm64, r-release-macos-x86_64, r-release-windows-x86_64