CRAN Package Check Results for Package agriutilities

Last updated on 2024-03-03 19:56:15 CET.

Flavor Version Tinstall Tcheck Ttotal Status Flags
r-devel-linux-x86_64-debian-clang 1.2.0 12.91 116.09 129.00 NOTE
r-devel-linux-x86_64-debian-gcc 1.2.0 10.13 86.39 96.52 NOTE
r-devel-linux-x86_64-fedora-clang 1.2.0 157.62 NOTE
r-devel-linux-x86_64-fedora-gcc 1.2.0 170.99 NOTE
r-devel-windows-x86_64 1.2.0 12.00 99.00 111.00 NOTE
r-patched-linux-x86_64 1.2.0 10.94 110.86 121.80 NOTE
r-release-linux-x86_64 1.2.0 11.32 111.19 122.51 NOTE
r-release-macos-arm64 1.2.0 43.00 NOTE
r-release-macos-x86_64 1.2.0 67.00 NOTE
r-release-windows-x86_64 1.2.0 16.00 120.00 136.00 NOTE
r-oldrel-macos-arm64 1.2.0 38.00 NOTE
r-oldrel-windows-x86_64 1.2.0 16.00 124.00 140.00 NOTE

Check Details

Version: 1.2.0
Check: package dependencies
Result: NOTE Package which this enhances but not available for checking: ‘asreml’ Flavors: r-devel-linux-x86_64-debian-clang, r-devel-linux-x86_64-debian-gcc, r-devel-linux-x86_64-fedora-clang, r-devel-linux-x86_64-fedora-gcc, r-devel-windows-x86_64, r-patched-linux-x86_64, r-release-linux-x86_64, r-release-macos-arm64, r-release-macos-x86_64, r-release-windows-x86_64, r-oldrel-macos-arm64, r-oldrel-windows-x86_64