CRAN Package Check Results for Package afthd

Last updated on 2021-11-28 07:50:36 CET.

Flavor Version Tinstall Tcheck Ttotal Status Flags
r-devel-linux-x86_64-debian-clang 1.1.0 OK
r-devel-linux-x86_64-debian-gcc 1.1.0 12.27 119.14 131.41 OK
r-devel-linux-x86_64-fedora-clang 1.1.0 225.42 OK
r-devel-linux-x86_64-fedora-gcc 1.1.0 216.26 OK
r-devel-windows-x86_64-new-UL 1.1.0 27.00 199.00 226.00 OK
r-devel-windows-x86_64-new-TK 1.1.0 OK
r-devel-windows-x86_64-old 1.1.0 23.00 195.00 218.00 OK
r-patched-linux-x86_64 1.1.0 14.35 152.70 167.05 OK
r-patched-solaris-x86 1.1.0 259.20 ERROR
r-release-linux-x86_64 1.1.0 13.95 155.13 169.08 OK
r-release-macos-arm64 1.1.0 OK
r-release-macos-x86_64 1.1.0 OK
r-release-windows-ix86+x86_64 1.1.0 34.00 154.00 188.00 OK
r-oldrel-macos-x86_64 1.1.0 OK
r-oldrel-windows-ix86+x86_64 1.1.0 35.00 195.00 230.00 OK

Check Details

Version: 1.1.0
Check: examples
Result: ERROR
    Running examples in ‘afthd-Ex.R’ failed
    The error most likely occurred in:
    
    > ### Name: rglwbysm
    > ### Title: Bayesian multivariate analysis of AFT model for selected
    > ### covariates using regularization method.
    > ### Aliases: rglwbysm
    >
    > ### ** Examples
    >
    > ##
    > data(hdata)
    > set.seed(1000)
    > rglwbysm(9,45,STime="os",Event="death",2,10,1,hdata)
    Warning: from glmnet Fortran code (error code -30000); Numerical error at 0th lambda value; solutions for larger values of lambda returned
    Warning in getcoef(fit, nvars, nx, vnames) :
     an empty model has been returned; probably a convergence issue
    Warning: from glmnet Fortran code (error code -30000); Numerical error at 0th lambda value; solutions for larger values of lambda returned
    Warning in getcoef(fit, nvars, nx, vnames) :
     an empty model has been returned; probably a convergence issue
    Warning: from glmnet Fortran code (error code -30000); Numerical error at 0th lambda value; solutions for larger values of lambda returned
    Warning in getcoef(fit, nvars, nx, vnames) :
     an empty model has been returned; probably a convergence issue
    Warning: from glmnet Fortran code (error code -30000); Numerical error at 0th lambda value; solutions for larger values of lambda returned
    Warning in getcoef(fit, nvars, nx, vnames) :
     an empty model has been returned; probably a convergence issue
    Warning: from glmnet Fortran code (error code -30000); Numerical error at 0th lambda value; solutions for larger values of lambda returned
    Warning in getcoef(fit, nvars, nx, vnames) :
     an empty model has been returned; probably a convergence issue
    Warning: from glmnet Fortran code (error code -30000); Numerical error at 0th lambda value; solutions for larger values of lambda returned
    Warning in getcoef(fit, nvars, nx, vnames) :
     an empty model has been returned; probably a convergence issue
    Warning: from glmnet Fortran code (error code -30000); Numerical error at 0th lambda value; solutions for larger values of lambda returned
    Warning in getcoef(fit, nvars, nx, vnames) :
     an empty model has been returned; probably a convergence issue
    Warning: from glmnet Fortran code (error code -30000); Numerical error at 0th lambda value; solutions for larger values of lambda returned
    Warning in getcoef(fit, nvars, nx, vnames) :
     an empty model has been returned; probably a convergence issue
    Warning: from glmnet Fortran code (error code -30000); Numerical error at 0th lambda value; solutions for larger values of lambda returned
    Warning in getcoef(fit, nvars, nx, vnames) :
     an empty model has been returned; probably a convergence issue
    Warning: from glmnet Fortran code (error code -30000); Numerical error at 0th lambda value; solutions for larger values of lambda returned
    Warning in getcoef(fit, nvars, nx, vnames) :
     an empty model has been returned; probably a convergence issue
    Warning: from glmnet Fortran code (error code -30000); Numerical error at 0th lambda value; solutions for larger values of lambda returned
    Warning in getcoef(fit, nvars, nx, vnames) :
     an empty model has been returned; probably a convergence issue
    Error in rglwbysm(9, 45, STime = "os", Event = "death", 2, 10, 1, hdata) :
     Increase number of variables, chosen are not sufficient for variable selection using regularization
    Execution halted
Flavor: r-patched-solaris-x86