CRAN Package Check Results for Package afmToolkit

Last updated on 2022-01-26 19:50:24 CET.

Flavor Version Tinstall Tcheck Ttotal Status Flags
r-devel-linux-x86_64-debian-clang 0.0.1 7.58 77.87 85.45 OK
r-devel-linux-x86_64-debian-gcc 0.0.1 5.80 61.29 67.09 OK
r-devel-linux-x86_64-fedora-clang 0.0.1 104.58 NOTE
r-devel-linux-x86_64-fedora-gcc 0.0.1 96.27 NOTE
r-devel-windows-x86_64-new-UL 0.0.1 82.00 105.00 187.00 OK
r-devel-windows-x86_64-new-TK 0.0.1 NOTE
r-patched-linux-x86_64 0.0.1 7.56 76.78 84.34 OK
r-release-linux-x86_64 0.0.1 7.41 76.97 84.38 OK
r-release-macos-arm64 0.0.1 NOTE
r-release-macos-x86_64 0.0.1 NOTE
r-release-windows-ix86+x86_64 0.0.1 15.00 88.00 103.00 OK
r-oldrel-macos-x86_64 0.0.1 NOTE
r-oldrel-windows-ix86+x86_64 0.0.1 15.00 90.00 105.00 OK

Check Details

Version: 0.0.1
Check: dependencies in R code
Result: NOTE
    Namespaces in Imports field not imported from:
     ‘DBI’ ‘assertthat’ ‘tibble’
     All declared Imports should be used.
Flavors: r-devel-linux-x86_64-fedora-clang, r-devel-linux-x86_64-fedora-gcc, r-devel-windows-x86_64-new-TK, r-release-macos-arm64, r-release-macos-x86_64, r-oldrel-macos-x86_64