CRAN Package Check Results for Package affluenceIndex

Last updated on 2021-11-30 19:51:16 CET.

Flavor Version Tinstall Tcheck Ttotal Status Flags
r-devel-linux-x86_64-debian-clang 2.0 9.74 73.80 83.54 OK
r-devel-linux-x86_64-debian-gcc 2.0 7.77 57.88 65.65 OK
r-devel-linux-x86_64-fedora-clang 2.0 112.54 OK
r-devel-linux-x86_64-fedora-gcc 2.0 101.60 OK
r-devel-windows-x86_64-new-UL 2.0 17.00 117.00 134.00 OK
r-devel-windows-x86_64-new-TK 2.0 OK
r-devel-windows-x86_64-old 2.0 15.00 78.00 93.00 OK
r-patched-linux-x86_64 2.0 7.57 71.74 79.31 NOTE
r-patched-solaris-x86 2.0 152.80 OK
r-release-linux-x86_64 2.0 7.09 71.90 78.99 NOTE
r-release-macos-arm64 2.0 OK
r-release-macos-x86_64 2.0 OK
r-release-windows-ix86+x86_64 2.0 21.00 74.00 95.00 OK
r-oldrel-macos-x86_64 2.0 OK
r-oldrel-windows-ix86+x86_64 2.0 13.00 87.00 100.00 OK

Check Details

Version: 2.0
Check: DESCRIPTION meta-information
Result: NOTE
    Dependence on R version ‘3.6.2’ not with patchlevel 0
Flavors: r-patched-linux-x86_64, r-release-linux-x86_64